{"id":22769,"date":"2025-02-07T10:53:33","date_gmt":"2025-02-07T03:53:33","guid":{"rendered":"https:\/\/phukienthammy.com.vn\/?post_type=product&#038;p=22769"},"modified":"2025-02-07T15:35:10","modified_gmt":"2025-02-07T08:35:10","slug":"tinh-chat-tre-hoa-da-karisma-rh-collagen","status":"publish","type":"product","link":"https:\/\/phukienthammy.com.vn\/?product=tinh-chat-tre-hoa-da-karisma-rh-collagen","title":{"rendered":"Tinh Ch\u1ea5t Tr\u1ebb H\u00f3a Da Karisma Rh Collagen"},"content":{"rendered":"<p>Tinh ch\u1ea5t KARISMA FACE Rh Collagen gi\u00fap tr\u1ebb h\u00f3a l\u00e0n da, k\u00edch th\u00edch s\u1ef1 t\u00e1i t\u1ea1o c\u1ee7a c\u00e1c t\u1ebf b\u00e0o da, x\u00f3a b\u1ecf n\u1ebfp nh\u0103n, cung c\u1ea5p \u0111\u1ed9 \u1ea9m, v\u00e0 l\u00e0m tr\u1eafng s\u00e1ng da.<br \/>\nTinh ch\u1ea5t tr\u1ebb h\u00f3a da KARISMA FACE Rh Collagen ch\u1ee9a c\u00f4ng th\u1ee9c chu\u1ed7i axit amin R-polypeptide \u03b11 k\u1ebft h\u1ee3p v\u1edbi axit hyaluronic tr\u1ecdn l\u01b0\u1ee3ng ph\u00e2n t\u1eed cao v\u00e0 carboxymethyl cellulose, ch\u1ed1ng l\u1ea1i s\u1ef1 l\u1ecfng l\u1ebbo l\u00e3o h\u00f3a c\u1ee7a da, ph\u1ee5c h\u1ed3i \u0111\u1ed9 s\u0103n ch\u1eafc v\u00e0 c\u1ea5u tr\u00fac cho da, v\u1edbi s\u1ef1 c\u1ea3i thi\u1ec7n d\u1ea7n d\u1ea7n, v\u00e0 tr\u1ebb h\u00f3a l\u00e2u d\u00e0i.<\/p>\n<p>Tinh ch\u1ea5t tr\u1ebb h\u00f3a da KARISMA FACE Rh Collagen c\u00f4ng ngh\u1ec7 \u0111\u1ed9t ph\u00e1 t\u00e1i t\u1ea1o da sinh h\u1ecdc v\u1edbi t\u00ednh t\u01b0\u01a1ng th\u00edch l\u00ean \u0111\u1ebfn 99,9%, mang \u0111\u1ebfn hi\u1ec7u qu\u1ea3 t\u00e1i sinh l\u00e2u d\u00e0i v\u00e0 v\u01b0\u1ee3t tr\u1ed9i tr\u00ean l\u00e0n da.<\/p>\n<p><strong>V\u1edbi s\u1ef1 k\u1ebft h\u1ee3p \u0111\u1ed9c \u0111\u00e1o c\u1ee7a 3 th\u00e0nh ph\u1ea7n \u0111\u01b0\u1ee3c nghi\u00ean c\u1ee9u \u0111\u1eb7c bi\u1ec7t l\u00e0:<\/strong><\/p>\n<ul>\n<li>Rh Collagen (Collagen chu\u1ed7i \u03b11 t\u00e1i t\u1ed5 h\u1ee3p \u1edf ng\u01b0\u1eddi) &#8211; 71%<\/li>\n<li>HA (Axit Hyaluronic) kh\u00f4ng li\u00ean k\u1ebft ch\u00e9o, tr\u1ecdng l\u01b0\u1ee3ng ph\u00e2n t\u1eed cao &#8211; 20%<\/li>\n<li>CMC (Carboxymethyl Cellulose) &#8211; 9%<\/li>\n<\/ul>\n<p><strong>C\u00f4ng d\u1ee5ng Karisma mang l\u1ea1i:<\/strong><\/p>\n<ul>\n<li>T\u00ednh t\u01b0\u01a1ng th\u00edch sinh h\u1ecdc cao nh\u1edd ch\u1ee9a Collagen t\u1ef1 nhi\u00ean, t\u01b0\u01a1ng th\u00edch 99,9% v\u1edbi Collagen \u1edf ng\u01b0\u1eddi &#8211; Rh Collagen.<\/li>\n<li>\u0110\u1ea3o ng\u01b0\u1ee3c qu\u00e1 tr\u00ecnh l\u00e3o h\u00f3a, th\u00fac \u0111\u1ea9y kh\u1ea3 n\u0103ng t\u00e1i sinh tuy\u1ec7t v\u1eddi, ki\u1ebfn t\u1ea1o l\u00e0n da kh\u00f4ng tu\u1ed5i.<\/li>\n<li>N\u00e2ng c\u01a1 tr\u1ebb h\u00f3a t\u1eeb s\u00e2u b\u00ean trong, l\u00e0m \u0111\u1ea7y n\u1ebfp nh\u0103n, cho c\u00e1c \u0111\u01b0\u1eddng n\u00e9t m\u1ec1m m\u1ea1i.<\/li>\n<li>Kh\u00f4ng g\u00e2y t\u00ecnh tr\u1ea1ng n\u1ed5i h\u1ea1t tr\u00ean da, v\u00f4 c\u00f9ng t\u1ef1 nhi\u00ean k\u1ec3 c\u1ea3 ngay khi v\u1eeba ti\u00eam xong.<\/li>\n<li>An to\u00e0n v\u01b0\u1ee3t tr\u1ed9i, hi\u1ec7u qu\u1ea3 d\u00e0i l\u00e2u nh\u1edd kh\u1ea3 n\u0103ng t\u01b0\u01a1ng th\u00edch v\u00e0 t\u00e1i h\u1ea5p th\u1ee5 tr\u00ean da.<\/li>\n<li>C\u00f3 th\u1ec3 l\u00e0m \u0111\u1ea7y s\u1eb9o nh\u1ecf sau ch\u1ea5n th\u01b0\u01a1ng ho\u1eb7c ph\u1eabu thu\u1eadt (v\u00ed d\u1ee5 nh\u01b0 s\u1eb9o m\u1ee5n).<\/li>\n<\/ul>\n<p><strong>H\u01b0\u1edbng d\u1eabn s\u1eed d\u1ee5ng:<\/strong><\/p>\n<p>Tr\u1ebb h\u00f3a da m\u1eb7t, v\u00f9ng mi\u1ec7ng, c\u1ed5, khe ng\u1ef1c v\u00e0 tay.<\/p>\n<p>Li\u1ec7u tr\u00ecnh:<br \/>\n&#8211; Ng\u00e0y 1 ti\u00eam l\u1ea7n \u0111\u1ea7u<br \/>\n&#8211; Ng\u00e0y 30 ti\u00eam l\u1ea7n 2<br \/>\n&#8211; C\u00f3 th\u1ec3 ti\u00eam m\u0169i t\u0103ng c\u01b0\u1eddng sau 4-6 th\u00e1ng<\/p>\n<p><strong>Ph\u01b0\u01a1ng ph\u00e1p:\u00a0<\/strong><\/p>\n<ul>\n<li>Meso<\/li>\n<li>BAP ( hi\u1ec7u qu\u1ea3 nh\u1ea5t khi ti\u00eam v\u1edbi kim canula )<\/li>\n<li>Tr\u1ecdng l\u01b0\u1ee3ng: 1 \u1ed1ng 2ml<\/li>\n<li>Xu\u1ea5t x\u1ee9: \u00dd<\/li>\n<\/ul>\n","protected":false},"excerpt":{"rendered":"<p>Tinh ch\u1ea5t KARISMA FACE Rh Collagen gi\u00fap tr\u1ebb h\u00f3a l\u00e0n da, k\u00edch th\u00edch s\u1ef1 t\u00e1i t\u1ea1o c\u1ee7a c\u00e1c t\u1ebf b\u00e0o da, x\u00f3a b\u1ecf n\u1ebfp nh\u0103n, cung c\u1ea5p \u0111\u1ed9 \u1ea9m, v\u00e0 l\u00e0m tr\u1eafng s\u00e1ng da.<br \/>\nTinh ch\u1ea5t tr\u1ebb h\u00f3a da KARISMA FACE Rh Collagen ch\u1ee9a c\u00f4ng th\u1ee9c chu\u1ed7i axit amin R-polypeptide \u03b11 k\u1ebft h\u1ee3p v\u1edbi axit hyaluronic tr\u1ecdn l\u01b0\u1ee3ng ph\u00e2n t\u1eed cao v\u00e0 carboxymethyl cellulose, ch\u1ed1ng l\u1ea1i s\u1ef1 l\u1ecfng l\u1ebbo l\u00e3o h\u00f3a c\u1ee7a da, ph\u1ee5c h\u1ed3i \u0111\u1ed9 s\u0103n ch\u1eafc v\u00e0 c\u1ea5u tr\u00fac cho da, v\u1edbi s\u1ef1 c\u1ea3i thi\u1ec7n d\u1ea7n d\u1ea7n, v\u00e0 tr\u1ebb h\u00f3a l\u00e2u d\u00e0i.<\/p>\n<p>Tinh ch\u1ea5t tr\u1ebb h\u00f3a da KARISMA FACE Rh Collagen c\u00f4ng ngh\u1ec7 \u0111\u1ed9t ph\u00e1 t\u00e1i t\u1ea1o da sinh h\u1ecdc v\u1edbi t\u00ednh t\u01b0\u01a1ng th\u00edch l\u00ean \u0111\u1ebfn 99,9%, mang \u0111\u1ebfn hi\u1ec7u qu\u1ea3 t\u00e1i sinh l\u00e2u d\u00e0i v\u00e0 v\u01b0\u1ee3t tr\u1ed9i tr\u00ean l\u00e0n da.<\/p>\n","protected":false},"featured_media":22770,"comment_status":"open","ping_status":"closed","template":"","meta":[],"product_cat":[55],"product_tag":[],"class_list":{"0":"post-22769","1":"product","2":"type-product","3":"status-publish","4":"has-post-thumbnail","6":"product_cat-meso-cang-bong","8":"first","9":"instock","10":"shipping-taxable","11":"purchasable","12":"product-type-simple"},"_links":{"self":[{"href":"https:\/\/phukienthammy.com.vn\/index.php?rest_route=\/wp\/v2\/product\/22769","targetHints":{"allow":["GET"]}}],"collection":[{"href":"https:\/\/phukienthammy.com.vn\/index.php?rest_route=\/wp\/v2\/product"}],"about":[{"href":"https:\/\/phukienthammy.com.vn\/index.php?rest_route=\/wp\/v2\/types\/product"}],"replies":[{"embeddable":true,"href":"https:\/\/phukienthammy.com.vn\/index.php?rest_route=%2Fwp%2Fv2%2Fcomments&post=22769"}],"version-history":[{"count":2,"href":"https:\/\/phukienthammy.com.vn\/index.php?rest_route=\/wp\/v2\/product\/22769\/revisions"}],"predecessor-version":[{"id":22813,"href":"https:\/\/phukienthammy.com.vn\/index.php?rest_route=\/wp\/v2\/product\/22769\/revisions\/22813"}],"wp:featuredmedia":[{"embeddable":true,"href":"https:\/\/phukienthammy.com.vn\/index.php?rest_route=\/wp\/v2\/media\/22770"}],"wp:attachment":[{"href":"https:\/\/phukienthammy.com.vn\/index.php?rest_route=%2Fwp%2Fv2%2Fmedia&parent=22769"}],"wp:term":[{"taxonomy":"product_cat","embeddable":true,"href":"https:\/\/phukienthammy.com.vn\/index.php?rest_route=%2Fwp%2Fv2%2Fproduct_cat&post=22769"},{"taxonomy":"product_tag","embeddable":true,"href":"https:\/\/phukienthammy.com.vn\/index.php?rest_route=%2Fwp%2Fv2%2Fproduct_tag&post=22769"}],"curies":[{"name":"wp","href":"https:\/\/api.w.org\/{rel}","templated":true}]}}