{"id":22756,"date":"2025-02-07T10:36:31","date_gmt":"2025-02-07T03:36:31","guid":{"rendered":"https:\/\/phukienthammy.com.vn\/?post_type=product&#038;p=22756"},"modified":"2025-02-07T15:35:21","modified_gmt":"2025-02-07T08:35:21","slug":"set-tinh-chat-exocode-radiance-r","status":"publish","type":"product","link":"https:\/\/phukienthammy.com.vn\/?product=set-tinh-chat-exocode-radiance-r","title":{"rendered":"Set Tinh Ch\u1ea5t Exocode Radiance \u2013 R"},"content":{"rendered":"<p>Exocode Radiance \u2013 R l\u00e0 b\u01b0\u1edbc ti\u1ebfp n\u1ed1i m\u1ed9t trong nh\u1eefng ph\u01b0\u01a1ng ph\u00e1p ti\u00eam meso t\u1eeb d\u1ecbch t\u1eeb t\u1ebf b\u00e0o g\u1ed1c \u2013 ho\u1ea1t ch\u1ea5t Mesotherapy \u0111\u1eaft \u0111\u1ecf b\u1eadc nh\u1ea5t th\u1ecb tr\u01b0\u1eddng. L\u00e0 li\u1ec7u tr\u00ecnh c\u1ea5y tinh ch\u1ea5t l\u00e0m tr\u1eafng s\u00e1ng da v\u00e0o t\u1ebf b\u00e0o g\u1ed1c kh\u1eafc ph\u1ee5c c\u00e1c v\u1ea5n \u0111\u1ec1 v\u1ec1 da, \u0111\u1ec3 l\u1ea1i l\u00e0n da c\u0103ng b\u00f3ng v\u00e0 tr\u1eafng s\u00e1ng, ng\u0103n ng\u1eeba \u0111\u01b0\u1ee3c t\u00ecnh tr\u1ea1ng l\u00e3o h\u00f3a da. \u0110i\u1ec1u \u0111\u1eb7c tr\u01b0ng Exocode Radiance \u2013 R l\u00e0 hi\u1ec7u \u1ee9ng t\u1ed5ng h\u1ee3p c\u1ea3i thi\u1ec7n s\u1ee9c kh\u1ecfe l\u00e0n da, c\u00f3 kh\u1ea3 n\u0103ng \u0111i\u1ec1u tr\u1ecb n\u00e1m, t\u00e0n nhang, th\u00e2m s\u1ea1m v\u00e0 gi\u1ea3m \u0111\u00e1ng k\u1ec3 c\u00e1c n\u1ebfp nh\u0103n tr\u00ean l\u00e0n da m\u00e0 kh\u00f4ng g\u00e2y \u00ea bu\u1ed1t.<\/p>\n<p><strong>Th\u00e0nh ph\u1ea7n c\u00f3 trong Tinh ch\u1ea5t Exocode Radiance \u2013 R<\/strong><\/p>\n<p>Exocode Radiance \u2013 R ch\u1ee9a n\u1ed3ng \u0111\u1ed9 cao tinh khi\u1ebft Exosome t\u1ebf b\u00e0o g\u1ed1c hoa h\u1ed3ng 2% (L\u1ecd 01 \u2013 Core Solution) v\u00e0 m\u1ed9t nh\u00f3m ho\u1ea1t ch\u1ea5t ho\u00e0n h\u1ea3o gi\u00fap l\u00e0m s\u0103n ch\u1eafc v\u00e0 c\u0103ng b\u00f3ng da, \u0111\u1ed3ng th\u1eddi gi\u00fap x\u00f3a n\u1ebfp nh\u0103n v\u00e0 l\u00e3o h\u00f3a (L\u1ecd 2 \u2013 Exocode Radiance- R):<\/p>\n<ul>\n<li><strong>Niacinamide:<\/strong>Th\u00e0nh ph\u1ea7n ch\u00ednh l\u00e0 Vitamin B3 c\u00f3 t\u00e1c d\u1ee5ng tan trong n\u01b0\u1edbc, duy tr\u00ec l\u00e0n da t\u01b0\u01a1i s\u00e1ng v\u00e0 gi\u00fap t\u00e1i t\u1ea1o da t\u0103ng sinh collagen, duy tr\u00ec v\u00e0 b\u1ea3o v\u1ec7 \u0111\u1ed9 \u0111\u00e0n h\u1ed3i tr\u00ean da hi\u1ec7u qu\u1ea3. L\u00e0 h\u1ee3p ch\u1ea5t c\u00f3 kh\u1ea3 n\u0103ng h\u1ea1n ch\u1ebf t\u1ed1i \u0111a t\u00ecnh tr\u1ea1ng t\u0103ng s\u1eafc t\u1ed1 da.<\/li>\n<li><strong>Tranexamic Acid:\u00a0<\/strong>C\u1ee7ng c\u1ed1 h\u00e0ng r\u00e0o b\u1ea3o v\u1ec7 da v\u00e0 \u1ee9c ch\u1ebf s\u1ea3n xu\u1ea5t Melanin gi\u00fap c\u1ea3i thi\u1ec7n m\u00e0u da. Ho\u1ea1t \u0111\u1ed9ng b\u1eb1ng c\u00e1ch ng\u0103n ch\u1eb7n s\u1ef1 di chuy\u1ec3n t\u1eeb t\u1ebf b\u00e0o s\u1eafc t\u1ed1 l\u00ean t\u1ebf b\u00e0o s\u1eebng tr\u00ean b\u1ec1 m\u1eb7t da, t\u1eeb \u0111\u00f3 gi\u00fap l\u00e0m s\u00e1ng c\u00e1c v\u00f9ng da b\u1ecb s\u1ea1m m\u00e0u v\u00e0 n\u00e1m da.<\/li>\n<li><strong>Dipotassium glycyrrhizate:<\/strong>\u00a0M\u1ed9t m\u00f3n qu\u00e0 t\u1eeb thi\u00ean nhi\u00ean, th\u00e0nh ph\u1ea7n c\u00f3 ngu\u1ed3n g\u1ed1c th\u1ef1c v\u1eadt t\u1eeb r\u1ec5 c\u00e2y cam th\u1ea3o, r\u1ea5t gi\u00e0u Vitamin v\u00e0 ch\u1ee9a Glabridin, c\u00f3 ch\u1ee9c n\u0103ng nh\u01b0 m\u1ed9t ch\u1ea5t \u0111i\u1ec1u h\u00f2a da v\u1edbi \u0111\u1eb7c t\u00ednh ch\u1ed1ng vi\u00eam v\u00e0 l\u00e0m d\u1ecbu da v\u00e0 l\u00e0m s\u00e1ng da.<\/li>\n<li><strong>Palmitoyl Tetrapeptide-7:\u00a0<\/strong>L\u00e0 c\u00e1c chu\u1ed7i axit amin ng\u1eafn li\u00ean k\u1ebft v\u00e0 c\u1ea5u th\u00e0nh c\u00e1c c\u1ea5u tr\u00fac protein c\u1ea7n thi\u1ebft cho da nh\u01b0 collagen, elastin v\u00e0 keratin. Nh\u1eefng protein n\u00e0y l\u00e0 n\u1ec1n t\u1ea3ng v\u00e0 ch\u1ecbu tr\u00e1ch nhi\u1ec7m duy tr\u00ec k\u1ebft c\u1ea5u, \u0111\u1ed9 \u0111\u00e0n h\u1ed3i v\u00e0 kh\u1ecfe m\u1ea1nh cho l\u00e0n da.<\/li>\n<\/ul>\n<p><em>V\u1edbi k\u00edch th\u01b0\u1edbc si\u00eau nh\u1ecf, Exocode Radiance \u2013 R d\u1ec5 d\u00e0ng th\u1ea9m th\u1ea5u s\u00e2u v\u00e0o t\u1eebng t\u1ea7ng da, \u0111\u1ed1i v\u1edbi nh\u1eefng lo l\u1eafng v\u1ec1 l\u00e0n da m\u1ea5t \u0111i v\u1ebb t\u01b0\u01a1i s\u00e1ng, Exocode Radiance \u2013 R ch\u1ee9a c\u00e1c th\u00e0nh ph\u1ea7n t\u1ed1t nh\u1ea5t gi\u00fap gi\u1ea3i quy\u1ebft nhanh ch\u00f3ng c\u00e1c v\u1ea5n \u0111\u1ec1 th\u00e2m n\u00e1m s\u1ea1m, l\u00e0m \u0111\u1ec1u m\u00e0u da v\u00e0 t\u0103ng c\u01b0\u1eddng s\u1ee9c s\u1ed1ng cho l\u00e0n da \u0111\u01b0\u1ee3c h\u1ed3i sinh nhanh ch\u00f3ng.<\/em><\/p>\n<h2><strong>C\u00f4ng d\u1ee5ng c\u1ee7a\u00a0Tinh ch\u1ea5t Exocode Radiance \u2013 R<\/strong><\/h2>\n<p><em>Exocode cung c\u1ea5p s\u1ee9c m\u1ea1nh c\u1ed9ng g\u1ed9p t\u0103ng c\u01b0\u1eddng s\u1ee9c kh\u1ecfe c\u1ed1t l\u00f5i c\u1ee7a da v\u1edbi Exosome trong L\u1ecd 1 v\u00e0 c\u00e1c d\u01b0\u1ee1ng ch\u1ea5t b\u1ed5 sung trong L\u1ecd 2:<\/em><\/p>\n<ul>\n<li>Ph\u1ee5c h\u1ed3i, c\u1ea5p \u1ea9m gi\u00fap t\u00e1i t\u1ea1o v\u00e0 h\u1ed3i sinh l\u00e0n da m\u1ec1m m\u1ea1i, c\u0103ng m\u01b0\u1ee3t.<\/li>\n<li>C\u0103ng b\u00f3ng da t\u1eeb b\u00ean trong, k\u00edch th\u00edch t\u0103ng sinh collagen.<\/li>\n<li>C\u1ea3i thi\u1ec7n s\u1ee9c kh\u1ecfe t\u1ed5ng th\u1ec3, m\u00e0u s\u1eafc l\u00e0n da h\u1ed7 tr\u1ee3 trong qu\u00e1 tr\u00ecnh \u0111i\u1ec1u tr\u1ecb n\u00e1m, s\u1ea1m, th\u00e2m, s\u1eeda ch\u1eefa c\u00e1c m\u00f4 da t\u1ed5n th\u01b0\u01a1ng.<\/li>\n<li>T\u0103ng kh\u1ea3 n\u0103ng mi\u1ec5n d\u1ecbch c\u1ee7a l\u00e0n da, gi\u1ea3m hi\u1ec7n t\u01b0\u1ee3ng k\u00edch \u1ee9ng, ch\u1ed1ng vi\u00eam gi\u00fap da kh\u1ecfe m\u1ea1nh h\u01a1n.<\/li>\n<li>Ng\u0103n ng\u1eeba v\u00e0 \u0111\u1ea9y l\u00f9i d\u1ea5u hi\u1ec7u l\u00e3o h\u00f3a da.<\/li>\n<li>Th\u00fac \u0111\u1ea9y giai \u0111o\u1ea1n s\u1ea3n sinh collagen v\u00e0 elastin.<\/li>\n<\/ul>\n<h2><strong>C\u00e1ch s\u1eed d\u1ee5ng Tinh ch\u1ea5t Exocode Radiance \u2013 R<\/strong><\/h2>\n<ul>\n<li>Th\u00eam Core Solution L\u1ecd 1 v\u00e0o Code Solution Radiance-R L\u1ecd 2 v\u00e0 tr\u1ed9n ch\u00fang l\u1ea1i v\u1edbi nhau.<\/li>\n<li>Sau khi tr\u1ed9n L\u1ecd 1 v\u00e0 L\u1ecd 2, \u0111\u1ec3 dung d\u1ecbch \u0111\u00e3 pha tr\u00ean b\u1ec1 m\u1eb7t ph\u1eb3ng trong 3\u20135 ph\u00fat tr\u01b0\u1edbc khi s\u1eed d\u1ee5ng \u0111\u1ec3 lo\u1ea1i b\u1ecf b\u1ecdt kh\u00ed.<\/li>\n<li>S\u1eed d\u1ee5ng dung d\u1ecbch \u0111\u00e3 pha trong v\u00f2ng t\u1ed1i \u0111a 3 gi\u1edd.<\/li>\n<\/ul>\n<p>L\u01b0u \u00fd: B\u1ea3o qu\u1ea3n l\u1ea1nh Tinh ch\u1ea5t Exocode Radiance \u2013 R \u0111\u1ec3 kh\u00f4ng b\u1ecb \u1ea3nh h\u01b0\u1edfng t\u1edbi ch\u1ea5t l\u01b0\u1ee3ng s\u1ea3n ph\u1ea9m.<\/p>\n<h2><strong>\u0110\u1ed1i t\u01b0\u1ee3ng s\u1eed d\u1ee5ng<\/strong><\/h2>\n<ul>\n<li>L\u00e0n da b\u1ecb th\u00e2m n\u00e1m, s\u1ea1m, d\u1ec5 n\u1ed5i m\u1ee5n<\/li>\n<li>Da b\u1ecb x\u1ec9n m\u00e0u v\u00e0 m\u1ea5t \u0111\u1ed9 \u0111\u00e0n h\u1ed3i<\/li>\n<li>C\u1ea3i thi\u1ec7n l\u1ed7 ch\u00e2n l\u00f4ng v\u00e0 tr\u1eafng s\u00e1ng da<\/li>\n<li>Ch\u0103m s\u00f3c da v\u00e0 l\u00e0m tr\u1ebb h\u00f3a l\u00e0n da<\/li>\n<li>Da m\u1ea5t n\u01b0\u1edbc, kh\u00f4, s\u1ea7n, nhi\u1ec1u n\u1ebfp nh\u0103n<\/li>\n<\/ul>\n<h2><strong>L\u01b0u \u00fd khi s\u1eed d\u1ee5ng<\/strong><\/h2>\n<ul>\n<li>Hi\u1ec7u qu\u1ea3 c\u00f3 th\u1ec3 kh\u00e1c nhau t\u00f9y theo c\u01a1 \u0111\u1ecba ng\u01b0\u1eddi d\u00f9ng<\/li>\n<li>C\u1ea7n ph\u1ea3i c\u00f3 ch\u1ec9 \u0111\u1ecbnh t\u1eeb B\u00e1c s\u0129, kh\u00f4ng n\u00ean t\u00f9y \u00fd s\u1eed d\u1ee5ng<\/li>\n<li>Tr\u00e1nh xa t\u1ea7m tay c\u1ee7a tr\u1ebb em<\/li>\n<li>Tr\u00e1nh ti\u1ebfp x\u00fac tr\u1ef1c ti\u1ebfp v\u1edbi \u00e1nh n\u1eafng m\u1eb7t tr\u1eddi, b\u1ea3o qu\u1ea3n n\u01a1i kh\u00f4 r\u00e1o tho\u00e1ng m\u00e1t<\/li>\n<li>Tr\u00e1nh ti\u1ebfp x\u00fac v\u1edbi m\u1eaft<\/li>\n<\/ul>\n<p><strong>Th\u00f4ng tin s\u1ea3n ph\u1ea9m<\/strong><br \/>\nL\u1ecd 1: 2ml x 3 l\u1ecd<br \/>\nL\u1ecd 2: 3ml x 3 l\u1ecd (Set 3 c\u1eb7p)<br \/>\nTh\u01b0\u01a1ng hi\u1ec7u: ExoCoBio<br \/>\nXu\u1ea5t x\u1ee9: H\u00e0n Qu\u1ed1c<br \/>\nH\u1ea1n s\u1eed d\u1ee5ng: Xem tr\u00ean bao b\u00ec<\/p>\n","protected":false},"excerpt":{"rendered":"<p>Exocode Radiance \u2013 R l\u00e0 b\u01b0\u1edbc ti\u1ebfp n\u1ed1i m\u1ed9t trong nh\u1eefng ph\u01b0\u01a1ng ph\u00e1p ti\u00eam meso t\u1eeb d\u1ecbch t\u1eeb t\u1ebf b\u00e0o g\u1ed1c \u2013 ho\u1ea1t ch\u1ea5t Mesotherapy \u0111\u1eaft \u0111\u1ecf b\u1eadc nh\u1ea5t th\u1ecb tr\u01b0\u1eddng. L\u00e0 li\u1ec7u tr\u00ecnh c\u1ea5y tinh ch\u1ea5t l\u00e0m tr\u1eafng s\u00e1ng da v\u00e0o t\u1ebf b\u00e0o g\u1ed1c kh\u1eafc ph\u1ee5c c\u00e1c v\u1ea5n \u0111\u1ec1 v\u1ec1 da, \u0111\u1ec3 l\u1ea1i l\u00e0n da c\u0103ng b\u00f3ng v\u00e0 tr\u1eafng s\u00e1ng, ng\u0103n ng\u1eeba \u0111\u01b0\u1ee3c t\u00ecnh tr\u1ea1ng l\u00e3o h\u00f3a da. \u0110i\u1ec1u \u0111\u1eb7c tr\u01b0ng Exocode Radiance \u2013 R l\u00e0 hi\u1ec7u \u1ee9ng t\u1ed5ng h\u1ee3p c\u1ea3i thi\u1ec7n s\u1ee9c kh\u1ecfe l\u00e0n da, c\u00f3 kh\u1ea3 n\u0103ng \u0111i\u1ec1u tr\u1ecb n\u00e1m, t\u00e0n nhang, th\u00e2m s\u1ea1m v\u00e0 gi\u1ea3m \u0111\u00e1ng k\u1ec3 c\u00e1c n\u1ebfp nh\u0103n tr\u00ean l\u00e0n da m\u00e0 kh\u00f4ng g\u00e2y \u00ea bu\u1ed1t.<\/p>\n","protected":false},"featured_media":22759,"comment_status":"open","ping_status":"closed","template":"","meta":[],"product_cat":[55],"product_tag":[],"class_list":{"0":"post-22756","1":"product","2":"type-product","3":"status-publish","4":"has-post-thumbnail","6":"product_cat-meso-cang-bong","8":"first","9":"instock","10":"shipping-taxable","11":"purchasable","12":"product-type-simple"},"_links":{"self":[{"href":"https:\/\/phukienthammy.com.vn\/index.php?rest_route=\/wp\/v2\/product\/22756","targetHints":{"allow":["GET"]}}],"collection":[{"href":"https:\/\/phukienthammy.com.vn\/index.php?rest_route=\/wp\/v2\/product"}],"about":[{"href":"https:\/\/phukienthammy.com.vn\/index.php?rest_route=\/wp\/v2\/types\/product"}],"replies":[{"embeddable":true,"href":"https:\/\/phukienthammy.com.vn\/index.php?rest_route=%2Fwp%2Fv2%2Fcomments&post=22756"}],"version-history":[{"count":2,"href":"https:\/\/phukienthammy.com.vn\/index.php?rest_route=\/wp\/v2\/product\/22756\/revisions"}],"predecessor-version":[{"id":22814,"href":"https:\/\/phukienthammy.com.vn\/index.php?rest_route=\/wp\/v2\/product\/22756\/revisions\/22814"}],"wp:featuredmedia":[{"embeddable":true,"href":"https:\/\/phukienthammy.com.vn\/index.php?rest_route=\/wp\/v2\/media\/22759"}],"wp:attachment":[{"href":"https:\/\/phukienthammy.com.vn\/index.php?rest_route=%2Fwp%2Fv2%2Fmedia&parent=22756"}],"wp:term":[{"taxonomy":"product_cat","embeddable":true,"href":"https:\/\/phukienthammy.com.vn\/index.php?rest_route=%2Fwp%2Fv2%2Fproduct_cat&post=22756"},{"taxonomy":"product_tag","embeddable":true,"href":"https:\/\/phukienthammy.com.vn\/index.php?rest_route=%2Fwp%2Fv2%2Fproduct_tag&post=22756"}],"curies":[{"name":"wp","href":"https:\/\/api.w.org\/{rel}","templated":true}]}}