{"id":22740,"date":"2025-02-07T10:03:58","date_gmt":"2025-02-07T03:03:58","guid":{"rendered":"https:\/\/phukienthammy.com.vn\/?post_type=product&#038;p=22740"},"modified":"2025-10-03T11:21:03","modified_gmt":"2025-10-03T04:21:03","slug":"laennec-placenta-te-bao-goc-tre-hoa-trang-da","status":"publish","type":"product","link":"https:\/\/phukienthammy.com.vn\/?product=laennec-placenta-te-bao-goc-tre-hoa-trang-da","title":{"rendered":"Laennec Placenta T\u1ebf B\u00e0o G\u1ed1c Tr\u1ebb Ho\u00e1 Tr\u1eafng Da"},"content":{"rendered":"<div class=\"x11i5rnm xat24cr x1mh8g0r x1vvkbs xtlvy1s x126k92a\">\n<h3 data-start=\"238\" data-end=\"306\"><strong data-start=\"242\" data-end=\"304\">Laennec Placenta \u2013 H\u1ed7 Tr\u1ee3 Ch\u0103m S\u00f3c Da &amp; S\u1ee9c Kh\u1ecfe To\u00e0n Di\u1ec7n<\/strong><\/h3>\n<p data-start=\"307\" data-end=\"383\"><strong data-start=\"307\" data-end=\"319\">Xu\u1ea5t x\u1ee9:<\/strong> Nh\u1eadt B\u1ea3n<br data-start=\"328\" data-end=\"331\" \/><strong data-start=\"331\" data-end=\"345\">Dung t\u00edch:<\/strong> Theo ti\u00eau chu\u1ea9n s\u1ea3n ph\u1ea9m ch\u00ednh h\u00e3ng<\/p>\n<p data-start=\"385\" data-end=\"645\"><strong data-start=\"385\" data-end=\"409\">Gi\u1edbi thi\u1ec7u s\u1ea3n ph\u1ea9m:<\/strong><br data-start=\"409\" data-end=\"412\" \/>Laennec Placenta l\u00e0 s\u1ea3n ph\u1ea9m chi\u1ebft xu\u1ea5t t\u1eeb nhau thai, \u0111\u01b0\u1ee3c \u1ee9ng d\u1ee5ng r\u1ed9ng r\u00e3i t\u1ea1i nhi\u1ec1u c\u01a1 s\u1edf y t\u1ebf v\u00e0 ch\u0103m s\u00f3c s\u1ee9c kh\u1ecfe t\u1ea1i Nh\u1eadt B\u1ea3n. S\u1ea3n ph\u1ea9m \u0111\u01b0\u1ee3c s\u1ea3n xu\u1ea5t theo ti\u00eau chu\u1ea9n nghi\u00eam ng\u1eb7t, h\u1ed7 tr\u1ee3 nu\u00f4i d\u01b0\u1ee1ng c\u01a1 th\u1ec3 v\u00e0 l\u00e0n da t\u1eeb b\u00ean trong.<\/p>\n<p data-start=\"647\" data-end=\"670\"><strong data-start=\"647\" data-end=\"668\">Th\u00e0nh ph\u1ea7n ch\u00ednh:<\/strong><\/p>\n<ul data-start=\"671\" data-end=\"762\">\n<li data-start=\"671\" data-end=\"714\">\n<p data-start=\"673\" data-end=\"714\">Chi\u1ebft xu\u1ea5t nhau thai (Placenta extract)<\/p>\n<\/li>\n<li data-start=\"715\" data-end=\"762\">\n<p data-start=\"717\" data-end=\"762\">C\u00e1c axit amin, peptide v\u00e0 nucleobase t\u1ef1 nhi\u00ean<\/p>\n<\/li>\n<\/ul>\n<p data-start=\"764\" data-end=\"787\"><strong data-start=\"764\" data-end=\"785\">C\u00f4ng d\u1ee5ng h\u1ed7 tr\u1ee3:<\/strong><\/p>\n<ul data-start=\"788\" data-end=\"1061\">\n<li data-start=\"788\" data-end=\"858\">\n<p data-start=\"790\" data-end=\"858\">H\u1ed7 tr\u1ee3 c\u1ea3i thi\u1ec7n t\u00ecnh tr\u1ea1ng da s\u1ea1m m\u00e0u, k\u00e9m s\u1eafc, da thi\u1ebfu s\u1ee9c s\u1ed1ng<\/p>\n<\/li>\n<li data-start=\"859\" data-end=\"922\">\n<p data-start=\"861\" data-end=\"922\">H\u1ed7 tr\u1ee3 \u0111i\u1ec1u h\u00f2a n\u1ed9i ti\u1ebft t\u1ed1 v\u00e0 t\u0103ng c\u01b0\u1eddng s\u1ee9c kh\u1ecfe t\u1ed5ng th\u1ec3<\/p>\n<\/li>\n<li data-start=\"923\" data-end=\"984\">\n<p data-start=\"925\" data-end=\"984\">H\u1ed7 tr\u1ee3 ch\u0103m s\u00f3c gan v\u00e0 \u0111\u00e0o th\u1ea3i m\u1ed9t s\u1ed1 y\u1ebfu t\u1ed1 g\u00e2y m\u1ec7t m\u1ecfi<\/p>\n<\/li>\n<li data-start=\"985\" data-end=\"1061\">\n<p data-start=\"987\" data-end=\"1061\">Ph\u00f9 h\u1ee3p v\u1edbi ng\u01b0\u1eddi c\u1ea7n ch\u0103m s\u00f3c da ho\u1eb7c s\u1ee9c kh\u1ecfe theo li\u1ec7u tr\u00ecnh chuy\u00ean s\u00e2u<\/p>\n<\/li>\n<\/ul>\n<p data-start=\"1063\" data-end=\"1087\"><strong data-start=\"1063\" data-end=\"1085\">\u0110\u1ed1i t\u01b0\u1ee3ng s\u1eed d\u1ee5ng:<\/strong><\/p>\n<ul data-start=\"1088\" data-end=\"1282\">\n<li data-start=\"1088\" data-end=\"1145\">\n<p data-start=\"1090\" data-end=\"1145\">Ng\u01b0\u1eddi tr\u01b0\u1edfng th\u00e0nh c\u00f3 nhu c\u1ea7u ch\u0103m s\u00f3c da v\u00e0 s\u1ee9c kh\u1ecfe<\/p>\n<\/li>\n<li data-start=\"1146\" data-end=\"1213\">\n<p data-start=\"1148\" data-end=\"1213\">Ng\u01b0\u1eddi l\u1edbn tu\u1ed5i ho\u1eb7c \u0111ang trong giai \u0111o\u1ea1n c\u1ea7n ph\u1ee5c h\u1ed3i th\u1ec3 tr\u1ea1ng<\/p>\n<\/li>\n<li data-start=\"1214\" data-end=\"1282\">\n<p data-start=\"1216\" data-end=\"1282\">Ng\u01b0\u1eddi c\u00f3 nhu c\u1ea7u h\u1ed7 tr\u1ee3 ch\u1ee9c n\u0103ng gan, n\u1ed9i ti\u1ebft ho\u1eb7c t\u0103ng \u0111\u1ec1 kh\u00e1ng<\/p>\n<\/li>\n<\/ul>\n<p data-start=\"1284\" data-end=\"1309\"><strong data-start=\"1284\" data-end=\"1307\">Khuy\u1ebfn c\u00e1o s\u1eed d\u1ee5ng:<\/strong><\/p>\n<ul data-start=\"1310\" data-end=\"1494\">\n<li data-start=\"1310\" data-end=\"1401\">\n<p data-start=\"1312\" data-end=\"1401\">S\u1ea3n ph\u1ea9m c\u1ea7n \u0111\u01b0\u1ee3c s\u1eed d\u1ee5ng t\u1ea1i c\u00e1c c\u01a1 s\u1edf chuy\u00ean m\u00f4n, d\u01b0\u1edbi s\u1ef1 ch\u1ec9 \u0111\u1ecbnh c\u1ee7a nh\u00e2n vi\u00ean y t\u1ebf<\/p>\n<\/li>\n<li data-start=\"1402\" data-end=\"1494\">\n<p data-start=\"1404\" data-end=\"1494\">Kh\u00f4ng d\u00f9ng cho ph\u1ee5 n\u1eef mang thai, \u0111ang cho con b\u00fa ho\u1eb7c ng\u01b0\u1eddi d\u1ecb \u1ee9ng v\u1edbi th\u00e0nh ph\u1ea7n s\u1ea3n ph\u1ea9m<\/p>\n<\/li>\n<\/ul>\n<\/div>\n","protected":false},"excerpt":{"rendered":"<p data-start=\"307\" data-end=\"383\"><strong data-start=\"307\" data-end=\"319\">Xu\u1ea5t x\u1ee9:<\/strong> Nh\u1eadt B\u1ea3n<br data-start=\"328\" data-end=\"331\" \/><strong data-start=\"331\" data-end=\"345\">Dung t\u00edch:<\/strong> Theo ti\u00eau chu\u1ea9n s\u1ea3n ph\u1ea9m ch\u00ednh h\u00e3ng<\/p>\n<p data-start=\"385\" data-end=\"645\"><strong data-start=\"385\" data-end=\"409\">Gi\u1edbi thi\u1ec7u s\u1ea3n ph\u1ea9m:<\/strong><br data-start=\"409\" data-end=\"412\" \/>Laennec Placenta l\u00e0 s\u1ea3n ph\u1ea9m chi\u1ebft xu\u1ea5t t\u1eeb nhau thai, \u0111\u01b0\u1ee3c \u1ee9ng d\u1ee5ng r\u1ed9ng r\u00e3i t\u1ea1i nhi\u1ec1u c\u01a1 s\u1edf y t\u1ebf v\u00e0 ch\u0103m s\u00f3c s\u1ee9c kh\u1ecfe t\u1ea1i Nh\u1eadt B\u1ea3n. S\u1ea3n ph\u1ea9m \u0111\u01b0\u1ee3c s\u1ea3n xu\u1ea5t theo ti\u00eau chu\u1ea9n nghi\u00eam ng\u1eb7t, h\u1ed7 tr\u1ee3 nu\u00f4i d\u01b0\u1ee1ng c\u01a1 th\u1ec3 v\u00e0 l\u00e0n da t\u1eeb b\u00ean trong.<\/p>\n","protected":false},"featured_media":22741,"comment_status":"open","ping_status":"closed","template":"","meta":[],"product_cat":[55],"product_tag":[],"class_list":{"0":"post-22740","1":"product","2":"type-product","3":"status-publish","4":"has-post-thumbnail","6":"product_cat-meso-cang-bong","8":"first","9":"instock","10":"shipping-taxable","11":"purchasable","12":"product-type-simple"},"_links":{"self":[{"href":"https:\/\/phukienthammy.com.vn\/index.php?rest_route=\/wp\/v2\/product\/22740","targetHints":{"allow":["GET"]}}],"collection":[{"href":"https:\/\/phukienthammy.com.vn\/index.php?rest_route=\/wp\/v2\/product"}],"about":[{"href":"https:\/\/phukienthammy.com.vn\/index.php?rest_route=\/wp\/v2\/types\/product"}],"replies":[{"embeddable":true,"href":"https:\/\/phukienthammy.com.vn\/index.php?rest_route=%2Fwp%2Fv2%2Fcomments&post=22740"}],"version-history":[{"count":2,"href":"https:\/\/phukienthammy.com.vn\/index.php?rest_route=\/wp\/v2\/product\/22740\/revisions"}],"predecessor-version":[{"id":22833,"href":"https:\/\/phukienthammy.com.vn\/index.php?rest_route=\/wp\/v2\/product\/22740\/revisions\/22833"}],"wp:featuredmedia":[{"embeddable":true,"href":"https:\/\/phukienthammy.com.vn\/index.php?rest_route=\/wp\/v2\/media\/22741"}],"wp:attachment":[{"href":"https:\/\/phukienthammy.com.vn\/index.php?rest_route=%2Fwp%2Fv2%2Fmedia&parent=22740"}],"wp:term":[{"taxonomy":"product_cat","embeddable":true,"href":"https:\/\/phukienthammy.com.vn\/index.php?rest_route=%2Fwp%2Fv2%2Fproduct_cat&post=22740"},{"taxonomy":"product_tag","embeddable":true,"href":"https:\/\/phukienthammy.com.vn\/index.php?rest_route=%2Fwp%2Fv2%2Fproduct_tag&post=22740"}],"curies":[{"name":"wp","href":"https:\/\/api.w.org\/{rel}","templated":true}]}}