{"id":22709,"date":"2024-08-17T14:16:50","date_gmt":"2024-08-17T07:16:50","guid":{"rendered":"https:\/\/phukienthammy.com.vn\/?post_type=product&#038;p=22709"},"modified":"2024-08-17T14:16:50","modified_gmt":"2024-08-17T07:16:50","slug":"filler-ajax-keen","status":"publish","type":"product","link":"https:\/\/phukienthammy.com.vn\/?product=filler-ajax-keen","title":{"rendered":"Filler Ajax Keen"},"content":{"rendered":"<div dir=\"auto\">Filler Ajax Keen l\u00e0 1 lo\u1ea1i filler H\u00e0n Qu\u1ed1c nh\u01b0ng s\u00e1nh t\u1ea7m Ch\u00e2u \u00c2u<\/div>\n<div dir=\"auto\">* Ajax keen c\u1ee7a c\u00f4ng ty Soyoung Co. Ltd tr\u1ee5 s\u1edf t\u1ea1i seoul H\u00e0n Qu\u1ed1c<\/div>\n<div dir=\"auto\">&#8211; Ajax Cozy (m\u1ec1m) c\u00f3 2 kim v\u00e1t 30g , c\u1ea5u t\u1ea1o \u1ed1ng kim n\u1eafp b\u1ebb<\/div>\n<div dir=\"auto\">&#8211; Ajax Vivid ( trung) c\u00f3 1 kim v\u00e1t 27 v\u00e0 1 canula 23g. C\u1ea5u t\u1ea1o \u1ed1ng kim n\u1eafp b\u1ebb<\/div>\n<div dir=\"auto\"><span class=\"html-span xexx8yu x4uap5 x18d9i69 xkhd6sd x1hl2dhg x16tdsg8 x1vvkbs x3nfvp2 x1j61x8r x1fcty0u xdj266r xat24cr xgzva0m xhhsvwb xxymvpz xlup9mm x1kky2od\">&#8211; <\/span>Ajax Sublime( c\u1ee9ng) c\u00f3 1 v\u00e1t 25g v\u00e0 1 canula 23g. \u1ed0ng kim n\u1eafp b\u1ebb<\/div>\n<div dir=\"auto\">TH\u00c0NH PH\u1ea6N<\/div>\n<div dir=\"auto\">+ HA colagen 24mg<\/div>\n<div dir=\"auto\">+ Lidocain 3mg\/ml<\/div>\n<div dir=\"auto\">Axit Hyaluronic (HA)<\/div>\n<div dir=\"auto\">Axit hyaluronic l\u00e0 m\u1ed9t Mucopolysacarit \u0111\u01b0\u1ee3c s\u1ea3n xu\u1ea5t t\u1ef1 nhi\u00ean b\u1edfi c\u01a1 th\u1ec3 con ng\u01b0\u1eddi. HA l\u00e0 th\u00e0nh ph\u1ea7n ch\u00ednh t\u1ea1o n\u00ean c\u1ea5u tr\u00fac da c\u1ee7a b\u1ea1n v\u00e0 ch\u1ecbu tr\u00e1ch nhi\u1ec7m cho v\u1ebb ngo\u00e0i \u0111\u1ea7y \u0111\u1eb7n v\u00e0 ng\u1eadm n\u01b0\u1edbc.<\/div>\n","protected":false},"excerpt":{"rendered":"<div dir=\"auto\">Filler Ajax Keen l\u00e0 1 lo\u1ea1i filler H\u00e0n Qu\u1ed1c nh\u01b0ng s\u00e1nh t\u1ea7m Ch\u00e2u \u00c2u<\/div>\n<div dir=\"auto\">* Ajax keen c\u1ee7a c\u00f4ng ty Soyoung Co. Ltd tr\u1ee5 s\u1edf t\u1ea1i seoul H\u00e0n Qu\u1ed1c<\/div>\n<div dir=\"auto\">&#8211; Ajax Cozy (m\u1ec1m) c\u00f3 2 kim v\u00e1t 30g , c\u1ea5u t\u1ea1o \u1ed1ng kim n\u1eafp b\u1ebb<\/div>\n<div dir=\"auto\">&#8211; Ajax Vivid ( trung) c\u00f3 1 kim v\u00e1t 27 v\u00e0 1 canula 23g. C\u1ea5u t\u1ea1o \u1ed1ng kim n\u1eafp b\u1ebb<\/div>\n<div dir=\"auto\"><span class=\"html-span xexx8yu x4uap5 x18d9i69 xkhd6sd x1hl2dhg x16tdsg8 x1vvkbs x3nfvp2 x1j61x8r x1fcty0u xdj266r xat24cr xgzva0m xhhsvwb xxymvpz xlup9mm x1kky2od\">&#8211; <\/span>Ajax Sublime( c\u1ee9ng) c\u00f3 1 v\u00e1t 25g v\u00e0 1 canula 23g. \u1ed0ng kim n\u1eafp b\u1ebb<\/div>\n<div dir=\"auto\">TH\u00c0NH PH\u1ea6N<\/div>\n<div dir=\"auto\">+ HA colagen 24mg<\/div>\n<div dir=\"auto\">+ Lidocain 3mg\/ml<\/div>\n<div dir=\"auto\">Axit Hyaluronic (HA)<\/div>\n<div dir=\"auto\">Axit hyaluronic l\u00e0 m\u1ed9t Mucopolysacarit \u0111\u01b0\u1ee3c s\u1ea3n xu\u1ea5t t\u1ef1 nhi\u00ean b\u1edfi c\u01a1 th\u1ec3 con ng\u01b0\u1eddi. HA l\u00e0 th\u00e0nh ph\u1ea7n ch\u00ednh t\u1ea1o n\u00ean c\u1ea5u tr\u00fac da c\u1ee7a b\u1ea1n v\u00e0 ch\u1ecbu tr\u00e1ch nhi\u1ec7m cho v\u1ebb ngo\u00e0i \u0111\u1ea7y \u0111\u1eb7n v\u00e0 ng\u1eadm n\u01b0\u1edbc.<\/div>\n","protected":false},"featured_media":22712,"comment_status":"open","ping_status":"closed","template":"","meta":[],"product_cat":[51],"product_tag":[],"class_list":{"0":"post-22709","1":"product","2":"type-product","3":"status-publish","4":"has-post-thumbnail","6":"product_cat-filler","8":"first","9":"instock","10":"shipping-taxable","11":"purchasable","12":"product-type-simple"},"_links":{"self":[{"href":"https:\/\/phukienthammy.com.vn\/index.php?rest_route=\/wp\/v2\/product\/22709","targetHints":{"allow":["GET"]}}],"collection":[{"href":"https:\/\/phukienthammy.com.vn\/index.php?rest_route=\/wp\/v2\/product"}],"about":[{"href":"https:\/\/phukienthammy.com.vn\/index.php?rest_route=\/wp\/v2\/types\/product"}],"replies":[{"embeddable":true,"href":"https:\/\/phukienthammy.com.vn\/index.php?rest_route=%2Fwp%2Fv2%2Fcomments&post=22709"}],"version-history":[{"count":0,"href":"https:\/\/phukienthammy.com.vn\/index.php?rest_route=\/wp\/v2\/product\/22709\/revisions"}],"wp:featuredmedia":[{"embeddable":true,"href":"https:\/\/phukienthammy.com.vn\/index.php?rest_route=\/wp\/v2\/media\/22712"}],"wp:attachment":[{"href":"https:\/\/phukienthammy.com.vn\/index.php?rest_route=%2Fwp%2Fv2%2Fmedia&parent=22709"}],"wp:term":[{"taxonomy":"product_cat","embeddable":true,"href":"https:\/\/phukienthammy.com.vn\/index.php?rest_route=%2Fwp%2Fv2%2Fproduct_cat&post=22709"},{"taxonomy":"product_tag","embeddable":true,"href":"https:\/\/phukienthammy.com.vn\/index.php?rest_route=%2Fwp%2Fv2%2Fproduct_tag&post=22709"}],"curies":[{"name":"wp","href":"https:\/\/api.w.org\/{rel}","templated":true}]}}