{"id":22697,"date":"2024-08-17T14:01:36","date_gmt":"2024-08-17T07:01:36","guid":{"rendered":"https:\/\/phukienthammy.com.vn\/?post_type=product&#038;p=22697"},"modified":"2024-08-17T14:01:36","modified_gmt":"2024-08-17T07:01:36","slug":"filler-carat-vip","status":"publish","type":"product","link":"https:\/\/phukienthammy.com.vn\/?product=filler-carat-vip","title":{"rendered":"Filler Carat Vip"},"content":{"rendered":"<p>Filler Carat Vip<\/p>\n<p>\u2013 S\u1ea3n ph\u1ea9m c\u00f3 gi\u1ea5y ph\u00e9p t\u1ea1i H\u00e0n Qu\u1ed1c, \u0111\u01b0\u1ee3c c\u00f4ng nh\u1eadn v\u1ec1 ch\u1ea5t l\u01b0\u1ee3ng v\u00e0 \u0111\u1ed9 an to\u00e0n cao<\/p>\n<p>\u2013 C\u00f4ng d\u1ee5ng: \u0110i\u1ec1u tr\u1ecb n\u1ebfp nh\u0103n v\u1eeba v\u00e0 s\u00e2u. Th\u00edch h\u1ee3p s\u1eed d\u1ee5ng cho v\u00f9ng d\u00e1i tai, ti\u00eam m\u00f4i, m\u00e1, ti\u00eam r\u00e3nh c\u01b0\u1eddi, m\u00e1 baby,..<\/p>\n<p>\u01afU \u0110I\u1ec2M: Ti\u00eam \u00eam, kh\u00f4ng b\u1ecb tr\u00e0n, kh\u00f4ng k\u00edch \u1ee9ng<\/p>\n<p>Xu\u1ea5t x\u1ee9:H\u00e0n Qu\u1ed1c<\/p>\n<p>\u0110\u00f3ng g\u00f3i : 1.1cc\/ h\u1ed9p<\/p>\n","protected":false},"excerpt":{"rendered":"<p>Filler Carat Vip<\/p>\n<p>\u2013 S\u1ea3n ph\u1ea9m c\u00f3 gi\u1ea5y ph\u00e9p t\u1ea1i H\u00e0n Qu\u1ed1c, \u0111\u01b0\u1ee3c c\u00f4ng nh\u1eadn v\u1ec1 ch\u1ea5t l\u01b0\u1ee3ng v\u00e0 \u0111\u1ed9 an to\u00e0n cao<\/p>\n<p>\u2013 C\u00f4ng d\u1ee5ng: \u0110i\u1ec1u tr\u1ecb n\u1ebfp nh\u0103n v\u1eeba v\u00e0 s\u00e2u. Th\u00edch h\u1ee3p s\u1eed d\u1ee5ng cho v\u00f9ng d\u00e1i tai, ti\u00eam m\u00f4i, m\u00e1, ti\u00eam r\u00e3nh c\u01b0\u1eddi, m\u00e1 baby,..<\/p>\n<p>\u01afU \u0110I\u1ec2M: Ti\u00eam \u00eam, kh\u00f4ng b\u1ecb tr\u00e0n, kh\u00f4ng k\u00edch \u1ee9ng<\/p>\n<p>Xu\u1ea5t x\u1ee9:H\u00e0n Qu\u1ed1c<\/p>\n<p>\u0110\u00f3ng g\u00f3i : 1.1cc\/ h\u1ed9p<\/p>\n","protected":false},"featured_media":22701,"comment_status":"open","ping_status":"closed","template":"","meta":[],"product_cat":[51],"product_tag":[],"class_list":{"0":"post-22697","1":"product","2":"type-product","3":"status-publish","4":"has-post-thumbnail","6":"product_cat-filler","8":"first","9":"instock","10":"shipping-taxable","11":"purchasable","12":"product-type-simple"},"_links":{"self":[{"href":"https:\/\/phukienthammy.com.vn\/index.php?rest_route=\/wp\/v2\/product\/22697","targetHints":{"allow":["GET"]}}],"collection":[{"href":"https:\/\/phukienthammy.com.vn\/index.php?rest_route=\/wp\/v2\/product"}],"about":[{"href":"https:\/\/phukienthammy.com.vn\/index.php?rest_route=\/wp\/v2\/types\/product"}],"replies":[{"embeddable":true,"href":"https:\/\/phukienthammy.com.vn\/index.php?rest_route=%2Fwp%2Fv2%2Fcomments&post=22697"}],"version-history":[{"count":0,"href":"https:\/\/phukienthammy.com.vn\/index.php?rest_route=\/wp\/v2\/product\/22697\/revisions"}],"wp:featuredmedia":[{"embeddable":true,"href":"https:\/\/phukienthammy.com.vn\/index.php?rest_route=\/wp\/v2\/media\/22701"}],"wp:attachment":[{"href":"https:\/\/phukienthammy.com.vn\/index.php?rest_route=%2Fwp%2Fv2%2Fmedia&parent=22697"}],"wp:term":[{"taxonomy":"product_cat","embeddable":true,"href":"https:\/\/phukienthammy.com.vn\/index.php?rest_route=%2Fwp%2Fv2%2Fproduct_cat&post=22697"},{"taxonomy":"product_tag","embeddable":true,"href":"https:\/\/phukienthammy.com.vn\/index.php?rest_route=%2Fwp%2Fv2%2Fproduct_tag&post=22697"}],"curies":[{"name":"wp","href":"https:\/\/api.w.org\/{rel}","templated":true}]}}