{"id":22286,"date":"2024-03-20T23:35:47","date_gmt":"2024-03-20T16:35:47","guid":{"rendered":"https:\/\/phukienthammy.com.vn\/?post_type=product&#038;p=22286"},"modified":"2024-03-20T23:38:30","modified_gmt":"2024-03-20T16:38:30","slug":"jariot-baby-face","status":"publish","type":"product","link":"https:\/\/phukienthammy.com.vn\/?product=jariot-baby-face","title":{"rendered":"Jariot Baby Face"},"content":{"rendered":"<div dir=\"auto\">Jariot Baby Face tr\u1ebb ho\u00e1 l\u00e0n da, d\u00f2ng meso c\u0103ng b\u00f3ng \u0111\u1ea1t hi\u1ec7u qu\u1ea3 cao<\/div>\n<div dir=\"auto\">Jariot Face c\u00f3 t\u00e1c d\u1ee5ng:<\/div>\n<div dir=\"auto\">&#8211; T\u0103ng sinh collagen t\u1ef1 th\u00e2n, c\u1ea3i thi\u1ec7n n\u1ebfp nh\u0103n<\/div>\n<div dir=\"auto\">&#8211; Tr\u1ebb h\u00f3a da, n\u00e2ng c\u01a1 hi\u1ec7u qu\u1ea3.<\/div>\n<div dir=\"auto\">&#8211; Ch\u1eefa l\u00e0nh, t\u00e1i t\u1ea1o m\u00f4 da nhanh ch\u00f3ng<\/div>\n<div dir=\"auto\">&#8211; Ch\u1ed1ng vi\u00eam<\/div>\n<div dir=\"auto\">&#8211; T\u0103ng \u0111\u1ec1 kh\u00e1ng, t\u0103ng c\u01b0\u1eddng mi\u1ec5n d\u1ecbch cho l\u00e0n da<\/div>\n<div dir=\"auto\">&#8211; C\u1ea3i thi\u1ec7n t\u00ecnh tr\u1ea1ng s\u1ea1m m\u00e0u, th\u00e2m n\u00e1m, t\u00e0n nhang.<\/div>\n<div dir=\"auto\">&#8211; C\u1ea3i thi\u1ec7n c\u00e1c t\u1ed5n th\u01b0\u01a1ng tr\u00ean da: s\u1eb9o, r\u1ed7\u2026.<\/div>\n","protected":false},"excerpt":{"rendered":"<div dir=\"auto\">Jariot Baby Face tr\u1ebb ho\u00e1 l\u00e0n da, d\u00f2ng meso c\u0103ng b\u00f3ng \u0111\u1ea1t hi\u1ec7u qu\u1ea3 cao<\/div>\n<div dir=\"auto\">Jariot Face c\u00f3 t\u00e1c d\u1ee5ng:<\/div>\n<div dir=\"auto\">&#8211; T\u0103ng sinh collagen t\u1ef1 th\u00e2n, c\u1ea3i thi\u1ec7n n\u1ebfp nh\u0103n<\/div>\n<div dir=\"auto\">&#8211; Tr\u1ebb h\u00f3a da, n\u00e2ng c\u01a1 hi\u1ec7u qu\u1ea3.<\/div>\n<div dir=\"auto\">&#8211; Ch\u1eefa l\u00e0nh, t\u00e1i t\u1ea1o m\u00f4 da nhanh ch\u00f3ng<\/div>\n<div dir=\"auto\">&#8211; Ch\u1ed1ng vi\u00eam<\/div>\n<div dir=\"auto\">&#8211; T\u0103ng \u0111\u1ec1 kh\u00e1ng, t\u0103ng c\u01b0\u1eddng mi\u1ec5n d\u1ecbch cho l\u00e0n da<\/div>\n<div dir=\"auto\">&#8211; C\u1ea3i thi\u1ec7n t\u00ecnh tr\u1ea1ng s\u1ea1m m\u00e0u, th\u00e2m n\u00e1m, t\u00e0n nhang.<\/div>\n<div dir=\"auto\">&#8211; C\u1ea3i thi\u1ec7n c\u00e1c t\u1ed5n th\u01b0\u01a1ng tr\u00ean da: s\u1eb9o, r\u1ed7\u2026.<\/div>\n","protected":false},"featured_media":22435,"comment_status":"open","ping_status":"closed","template":"","meta":[],"product_cat":[55],"product_tag":[],"class_list":{"0":"post-22286","1":"product","2":"type-product","3":"status-publish","4":"has-post-thumbnail","6":"product_cat-meso-cang-bong","8":"first","9":"instock","10":"shipping-taxable","11":"purchasable","12":"product-type-simple"},"_links":{"self":[{"href":"https:\/\/phukienthammy.com.vn\/index.php?rest_route=\/wp\/v2\/product\/22286","targetHints":{"allow":["GET"]}}],"collection":[{"href":"https:\/\/phukienthammy.com.vn\/index.php?rest_route=\/wp\/v2\/product"}],"about":[{"href":"https:\/\/phukienthammy.com.vn\/index.php?rest_route=\/wp\/v2\/types\/product"}],"replies":[{"embeddable":true,"href":"https:\/\/phukienthammy.com.vn\/index.php?rest_route=%2Fwp%2Fv2%2Fcomments&post=22286"}],"version-history":[{"count":0,"href":"https:\/\/phukienthammy.com.vn\/index.php?rest_route=\/wp\/v2\/product\/22286\/revisions"}],"wp:featuredmedia":[{"embeddable":true,"href":"https:\/\/phukienthammy.com.vn\/index.php?rest_route=\/wp\/v2\/media\/22435"}],"wp:attachment":[{"href":"https:\/\/phukienthammy.com.vn\/index.php?rest_route=%2Fwp%2Fv2%2Fmedia&parent=22286"}],"wp:term":[{"taxonomy":"product_cat","embeddable":true,"href":"https:\/\/phukienthammy.com.vn\/index.php?rest_route=%2Fwp%2Fv2%2Fproduct_cat&post=22286"},{"taxonomy":"product_tag","embeddable":true,"href":"https:\/\/phukienthammy.com.vn\/index.php?rest_route=%2Fwp%2Fv2%2Fproduct_tag&post=22286"}],"curies":[{"name":"wp","href":"https:\/\/api.w.org\/{rel}","templated":true}]}}