{"id":22284,"date":"2024-03-20T23:35:47","date_gmt":"2024-03-20T16:35:47","guid":{"rendered":"https:\/\/phukienthammy.com.vn\/?post_type=product&#038;p=22284"},"modified":"2025-02-07T15:10:10","modified_gmt":"2025-02-07T08:10:10","slug":"profhilo","status":"publish","type":"product","link":"https:\/\/phukienthammy.com.vn\/?product=profhilo","title":{"rendered":"Profhilo"},"content":{"rendered":"<p><strong>Th\u01b0\u01a1ng hi\u1ec7u<\/strong>: ISBA Derma.<\/p>\n<p><strong>Xu\u1ea5t x\u1ee9<\/strong>: Th\u1ee5y S\u1ef9<\/p>\n<p><strong>Quy c\u00e1ch<\/strong>: H\u1ed9p 2ml.<\/p>\n<div class=\"x11i5rnm xat24cr x1mh8g0r x1vvkbs xtlvy1s x126k92a\">\n<div dir=\"auto\">Profhilo l\u00e0 s\u1ea3n ph\u1ea9m tr\u1ebb ho\u00e1 da v\u00e0 xo\u00e1 n\u1ebfp nh\u0103n b\u1eb1ng axit hyaludronic tinh khi\u1ebft 100% \u0111\u1ea7u ti\u00ean \u1edf d\u1ea1ng ti\u00eam. V\u1edbi c\u00f4ng ngh\u1ec7 nahyco hybrid technology \u0111\u01b0\u1ee3c c\u1ea5p b\u1eb1ng s\u00e1ng ch\u1ebf \u0111\u1ed9c quy\u1ec1n, axit hyaluronic c\u1ee7a Profhilo \u1edf d\u1ea1ng tinh khi\u1ebft, kh\u00f4ng c\u00f3 li\u00ean k\u1ebft ch\u00e9o v\u1edbi b\u1ea5t k\u00ec th\u00e0nh ph\u1ea7n n\u00e0o kh\u00e1c v\u00e0 c\u00f3 n\u1ed3ng \u0111\u1ed9 cao l\u00e0 64mg\/2cc.<\/div>\n<\/div>\n<div class=\"x11i5rnm xat24cr x1mh8g0r x1vvkbs xtlvy1s x126k92a\">\n<div dir=\"auto\">Axit hyaluronic l\u00e0 th\u00e0nh ph\u1ea7n d\u01b0\u1ee1ng \u1ea9m c\u1ea7n thi\u1ebft cho da, k\u00edch th\u00edch s\u1ea3n sinh collagen v\u00e0 elastin l\u00e0m t\u0103ng s\u1ef1 \u0111\u00e0n h\u1ed3i cho l\u00e0n da. C\u00e1ch xo\u00e1 n\u1ebfp nh\u0103n, tr\u1ebb ho\u00e1 da b\u1eb1ng profhilo ch\u00ednh l\u00e0 ph\u01b0\u01a1ng ph\u00e1p s\u1eed d\u1ee5ng axit hyaluronic \u1edf d\u1ea1ng thu\u1ea7n khi\u1ebft nh\u1ea5t, kh\u00f4ng ch\u1ee9a ch\u1ea5t h\u00f3a h\u1ecdc, an to\u00e0n v\u00e0 mang l\u1ea1i hi\u1ec7u qu\u1ea3 cao gi\u00fap tr\u1ebb ho\u00e1 da, c\u1ea3i thi\u1ec7n da kh\u00f4, xo\u00e1 n\u1ebfp nh\u0103n, gi\u00fap da s\u0103n ch\u1eafc, da s\u1ea1m m\u00e0u nguy\u00ean nh\u00e2n do suy gi\u1ea3m l\u01b0\u1ee3ng axit hyaluronic c\u1ee7a c\u01a1 th\u1ec3.<\/div>\n<\/div>\n<div class=\"x11i5rnm xat24cr x1mh8g0r x1vvkbs xtlvy1s x126k92a\">\n<div dir=\"auto\">\u2013 Profhilo l\u00e0 s\u1ef1 k\u1ebft h\u1ee3p c\u1ee7a c\u1ea3 hai lo\u1ea1i Axit Hyaluronic tr\u1ecdng l\u01b0\u1ee3ng ph\u00e2n t\u1eed th\u1ea5p mang \u0111\u1ebfn hi\u1ec7u qu\u1ea3 d\u01b0\u1ee1ng \u1ea9m; c\u00f2n Axit Hyaluronic tr\u1ecdng l\u01b0\u1ee3ng ph\u00e2n t\u1eed cao mang \u0111\u1ebfn hi\u1ec7u qu\u1ea3 xo\u00e1 n\u1ebfp nh\u0103n, gi\u00fap l\u00e0n da s\u0103n ch\u1eafc, n\u00e2ng c\u01a1 v\u00e0 c\u0103ng da.<\/div>\n<\/div>\n<div class=\"x11i5rnm xat24cr x1mh8g0r x1vvkbs xtlvy1s x126k92a\">\n<div dir=\"auto\">\u2013 Do Profhilo c\u00f3 c\u1ea5u tr\u00fac g\u1ea7n gi\u1ed1ng v\u1edbi Axit Hyaluronic c\u1ee7a c\u01a1 th\u1ec3 n\u00ean kh\u00f4ng g\u00e2y k\u00edch \u1ee9ng, tan \u0111\u1ec1u v\u00e0o da, ph\u00e2n b\u1ed5 d\u1ec5 d\u00e0ng v\u00e0 ph\u1ee5c h\u1ed3i nhanh.<\/div>\n<\/div>\n<div class=\"x11i5rnm xat24cr x1mh8g0r x1vvkbs xtlvy1s x126k92a\">\n<div dir=\"auto\">\u2013 K\u00edch th\u00edch sinh h\u1ecdc t\u0103ng tr\u01b0\u1eddng elastin, 4 lo\u1ea1i collagen v\u00e0 c\u1ea5p \u1ea9m cho 3 l\u1edbp ch\u00ednh c\u1ee7a da<\/div>\n<\/div>\n<div class=\"x11i5rnm xat24cr x1mh8g0r x1vvkbs xtlvy1s x126k92a\">\n<div dir=\"auto\">\u2013 Mang \u0111\u1ebfn s\u1ef1 s\u0103n ch\u1eafc v\u00e0 hi\u1ec7u qu\u1ea3 l\u00e0m \u0111\u1ea7y cho da<\/div>\n<\/div>\n<div class=\"x11i5rnm xat24cr x1mh8g0r x1vvkbs xtlvy1s x126k92a\">\n<div dir=\"auto\">\u2013 \u0110i\u1ec1u tr\u1ecb hi\u1ec7u qu\u1ea3, nhanh ch\u00f3ng, gi\u1ea3m thi\u1ec3u c\u01a1n \u0111au v\u00e0 th\u1eddi gian ch\u1edd<\/div>\n<\/div>\n<div class=\"x11i5rnm xat24cr x1mh8g0r x1vvkbs xtlvy1s x126k92a\">\n<div dir=\"auto\">\u2013 Cung c\u1ea5p qu\u00e1 tr\u00ecnh s\u1eeda ch\u1eefa m\u00f4<\/div>\n<\/div>\n","protected":false},"excerpt":{"rendered":"<p>Profhilo l\u00e0 s\u1ea3n ph\u1ea9m tr\u1ebb ho\u00e1 da v\u00e0 xo\u00e1 n\u1ebfp nh\u0103n b\u1eb1ng axit hyaludronic tinh khi\u1ebft 100% \u0111\u1ea7u ti\u00ean \u1edf d\u1ea1ng ti\u00eam. V\u1edbi c\u00f4ng ngh\u1ec7 nahyco hybrid technology \u0111\u01b0\u1ee3c c\u1ea5p b\u1eb1ng s\u00e1ng ch\u1ebf \u0111\u1ed9c quy\u1ec1n, axit hyaluronic c\u1ee7a Profhilo \u1edf d\u1ea1ng tinh khi\u1ebft, kh\u00f4ng c\u00f3 li\u00ean k\u1ebft ch\u00e9o v\u1edbi b\u1ea5t k\u00ec th\u00e0nh ph\u1ea7n n\u00e0o kh\u00e1c v\u00e0 c\u00f3 n\u1ed3ng \u0111\u1ed9 cao l\u00e0 64mg\/2cc.<\/p>\n<div class=\"x11i5rnm xat24cr x1mh8g0r x1vvkbs xtlvy1s x126k92a\">\n<div dir=\"auto\">Axit hyaluronic l\u00e0 th\u00e0nh ph\u1ea7n d\u01b0\u1ee1ng \u1ea9m c\u1ea7n thi\u1ebft cho da, k\u00edch th\u00edch s\u1ea3n sinh collagen v\u00e0 elastin l\u00e0m t\u0103ng s\u1ef1 \u0111\u00e0n h\u1ed3i cho l\u00e0n da. C\u00e1ch xo\u00e1 n\u1ebfp nh\u0103n, tr\u1ebb ho\u00e1 da b\u1eb1ng profhilo ch\u00ednh l\u00e0 ph\u01b0\u01a1ng ph\u00e1p s\u1eed d\u1ee5ng axit hyaluronic \u1edf d\u1ea1ng thu\u1ea7n khi\u1ebft nh\u1ea5t, kh\u00f4ng ch\u1ee9a ch\u1ea5t h\u00f3a h\u1ecdc, an to\u00e0n v\u00e0 mang l\u1ea1i hi\u1ec7u qu\u1ea3 cao gi\u00fap tr\u1ebb ho\u00e1 da, c\u1ea3i thi\u1ec7n da kh\u00f4, xo\u00e1 n\u1ebfp nh\u0103n, gi\u00fap da s\u0103n ch\u1eafc, da s\u1ea1m m\u00e0u nguy\u00ean nh\u00e2n do suy gi\u1ea3m l\u01b0\u1ee3ng axit hyaluronic c\u1ee7a c\u01a1 th\u1ec3.<\/div>\n<\/div>\n","protected":false},"featured_media":22425,"comment_status":"open","ping_status":"closed","template":"","meta":[],"product_cat":[55],"product_tag":[],"class_list":{"0":"post-22284","1":"product","2":"type-product","3":"status-publish","4":"has-post-thumbnail","6":"product_cat-meso-cang-bong","8":"first","9":"instock","10":"shipping-taxable","11":"purchasable","12":"product-type-simple"},"_links":{"self":[{"href":"https:\/\/phukienthammy.com.vn\/index.php?rest_route=\/wp\/v2\/product\/22284","targetHints":{"allow":["GET"]}}],"collection":[{"href":"https:\/\/phukienthammy.com.vn\/index.php?rest_route=\/wp\/v2\/product"}],"about":[{"href":"https:\/\/phukienthammy.com.vn\/index.php?rest_route=\/wp\/v2\/types\/product"}],"replies":[{"embeddable":true,"href":"https:\/\/phukienthammy.com.vn\/index.php?rest_route=%2Fwp%2Fv2%2Fcomments&post=22284"}],"version-history":[{"count":1,"href":"https:\/\/phukienthammy.com.vn\/index.php?rest_route=\/wp\/v2\/product\/22284\/revisions"}],"predecessor-version":[{"id":22806,"href":"https:\/\/phukienthammy.com.vn\/index.php?rest_route=\/wp\/v2\/product\/22284\/revisions\/22806"}],"wp:featuredmedia":[{"embeddable":true,"href":"https:\/\/phukienthammy.com.vn\/index.php?rest_route=\/wp\/v2\/media\/22425"}],"wp:attachment":[{"href":"https:\/\/phukienthammy.com.vn\/index.php?rest_route=%2Fwp%2Fv2%2Fmedia&parent=22284"}],"wp:term":[{"taxonomy":"product_cat","embeddable":true,"href":"https:\/\/phukienthammy.com.vn\/index.php?rest_route=%2Fwp%2Fv2%2Fproduct_cat&post=22284"},{"taxonomy":"product_tag","embeddable":true,"href":"https:\/\/phukienthammy.com.vn\/index.php?rest_route=%2Fwp%2Fv2%2Fproduct_tag&post=22284"}],"curies":[{"name":"wp","href":"https:\/\/api.w.org\/{rel}","templated":true}]}}