{"id":22229,"date":"2024-03-20T23:35:02","date_gmt":"2024-03-20T16:35:02","guid":{"rendered":"https:\/\/phukienthammy.com.vn\/?post_type=product&#038;p=22229"},"modified":"2024-03-20T23:37:26","modified_gmt":"2024-03-20T16:37:26","slug":"truyen-trang-s8","status":"publish","type":"product","link":"https:\/\/phukienthammy.com.vn\/?product=truyen-trang-s8","title":{"rendered":"Truy\u1ec1n Tr\u1eafng S8"},"content":{"rendered":"<div class=\"xdj266r x11i5rnm xat24cr x1mh8g0r x1vvkbs x126k92a\">\n<div dir=\"auto\">Truy\u1ec1n Tr\u1eafng S8 \u0323 \u0303 !!<\/div>\n<\/div>\n<div class=\"x11i5rnm xat24cr x1mh8g0r x1vvkbs xtlvy1s x126k92a\">\n<div dir=\"auto\"><span class=\"x3nfvp2 x1j61x8r x1fcty0u xdj266r xhhsvwb xat24cr xgzva0m xxymvpz xlup9mm x1kky2od\"><img decoding=\"async\" class=\"xz74otr\" src=\"https:\/\/static.xx.fbcdn.net\/images\/emoji.php\/v9\/tf0\/2\/16\/1f449.png\" alt=\"\" width=\"16\" height=\"16\" \/><\/span> S8 c\u1ee7a Thu\u1ef5 S\u0129 l\u00e0 ngu\u1ed3n s\u1ea3n ph\u1ea9m \u0111\u1ee9ng \u0111\u1ea7u v\u1ec1 tr\u1eafng da an to\u00e0n v\u00e0 hi\u1ec7u qu\u1ea3 nh\u1ea5t. N\u1ebfu truy\u1ec1n lo\u1ea1i n\u00e0y m\u00e0 kh\u00f4ng l\u00ean tone n\u1eefa th\u00ec th\u00f4i kh\u00f4ng truy\u1ec1n g\u00ec n\u1eefa nh\u00e9..!!<\/div>\n<\/div>\n<div class=\"x11i5rnm xat24cr x1mh8g0r x1vvkbs xtlvy1s x126k92a\">\n<div dir=\"auto\"><span class=\"x3nfvp2 x1j61x8r x1fcty0u xdj266r xhhsvwb xat24cr xgzva0m xxymvpz xlup9mm x1kky2od\"><img decoding=\"async\" class=\"xz74otr\" src=\"https:\/\/static.xx.fbcdn.net\/images\/emoji.php\/v9\/tb4\/2\/16\/2705.png\" alt=\"&#x2705;\" width=\"16\" height=\"16\" \/><\/span>TRUY\u1ec0N TR\u1eaeNG DA THU\u1ef4 S\u0128 TR\u1eaeNG NH\u1ea4T HI\u1ec6N NAY L\u00c0 D\u00d2NG S8 (H\u00e0m L\u01b0\u1ee3ng Gluthione th\u1eadt ch\u1ee9 kh\u00f4ng ph\u1ea3i h\u00e0m l\u01b0\u1ee3ng \u1ea3o nh\u01b0 nh\u1eefng lo\u1ea1i kh\u00e1c tr\u00ean th\u1ecb tr\u01b0\u1eddng m\u00e0 truy\u1ec1n ho\u00e0i kh\u00f4ng tr\u1eafng \u0111\u00e2u nha)<\/div>\n<\/div>\n<div class=\"x11i5rnm xat24cr x1mh8g0r x1vvkbs xtlvy1s x126k92a\">\n<div dir=\"auto\"><span class=\"x3nfvp2 x1j61x8r x1fcty0u xdj266r xhhsvwb xat24cr xgzva0m xxymvpz xlup9mm x1kky2od\"><img decoding=\"async\" class=\"xz74otr\" src=\"https:\/\/static.xx.fbcdn.net\/images\/emoji.php\/v9\/t92\/2\/16\/1f539.png\" alt=\"\" width=\"16\" height=\"16\" \/><\/span>Tr\u1eafng b\u1eadt 4-5 tone ngay sau 1 li\u1ec7u tr\u00ecnh<\/div>\n<div dir=\"auto\"><span class=\"x3nfvp2 x1j61x8r x1fcty0u xdj266r xhhsvwb xat24cr xgzva0m xxymvpz xlup9mm x1kky2od\"><img decoding=\"async\" class=\"xz74otr\" src=\"https:\/\/static.xx.fbcdn.net\/images\/emoji.php\/v9\/t92\/2\/16\/1f539.png\" alt=\"\" width=\"16\" height=\"16\" \/><\/span>Hi\u1ec7u qu\u1ea3 v\u1edbi c\u1ea3 l\u00e0n da chai l\u00ec, kh\u00f3 tr\u1eafng<\/div>\n<div dir=\"auto\"><span class=\"x3nfvp2 x1j61x8r x1fcty0u xdj266r xhhsvwb xat24cr xgzva0m xxymvpz xlup9mm x1kky2od\"><img decoding=\"async\" class=\"xz74otr\" src=\"https:\/\/static.xx.fbcdn.net\/images\/emoji.php\/v9\/t92\/2\/16\/1f539.png\" alt=\"\" width=\"16\" height=\"16\" \/><\/span>\u0110i\u1ec1u h\u00f2a n\u1ed9i ti\u1ebft t\u1ed1, t\u0103ng sinh collagen<\/div>\n<div dir=\"auto\"><span class=\"x3nfvp2 x1j61x8r x1fcty0u xdj266r xhhsvwb xat24cr xgzva0m xxymvpz xlup9mm x1kky2od\"><img decoding=\"async\" class=\"xz74otr\" src=\"https:\/\/static.xx.fbcdn.net\/images\/emoji.php\/v9\/t92\/2\/16\/1f539.png\" alt=\"\" width=\"16\" height=\"16\" \/><\/span>Th\u1ea3i \u0111\u1ed9c c\u01a1 th\u1ec3, t\u0103ng c\u01b0\u1eddng s\u1ee9c kh\u1ecfe, ng\u0103n ch\u1eb7n l\u00e3o h\u00f3a to\u00e0n c\u01a1 th\u1ec3<\/div>\n<div dir=\"auto\"><span class=\"x3nfvp2 x1j61x8r x1fcty0u xdj266r xhhsvwb xat24cr xgzva0m xxymvpz xlup9mm x1kky2od\"><img decoding=\"async\" class=\"xz74otr\" src=\"https:\/\/static.xx.fbcdn.net\/images\/emoji.php\/v9\/t92\/2\/16\/1f539.png\" alt=\"\" width=\"16\" height=\"16\" \/><\/span>B\u1ea3o v\u1ec7 da kh\u1ecfi t\u00e1c h\u1ea1i c\u1ee7a tia UVA v\u00e0 UVB<\/div>\n<div dir=\"auto\"><span class=\"x3nfvp2 x1j61x8r x1fcty0u xdj266r xhhsvwb xat24cr xgzva0m xxymvpz xlup9mm x1kky2od\"><img decoding=\"async\" class=\"xz74otr\" src=\"https:\/\/static.xx.fbcdn.net\/images\/emoji.php\/v9\/t92\/2\/16\/1f539.png\" alt=\"\" width=\"16\" height=\"16\" \/><\/span>N\u00e2ng c\u01a1 v\u00e0 s\u0103n da r\u00f5 r\u1ec7t<\/div>\n<div dir=\"auto\"><span class=\"x3nfvp2 x1j61x8r x1fcty0u xdj266r xhhsvwb xat24cr xgzva0m xxymvpz xlup9mm x1kky2od\"><img decoding=\"async\" class=\"xz74otr\" src=\"https:\/\/static.xx.fbcdn.net\/images\/emoji.php\/v9\/t92\/2\/16\/1f539.png\" alt=\"\" width=\"16\" height=\"16\" \/><\/span>Gi\u1ea3m n\u00e1m th\u00e2m v\u00e0 n\u1ebfp nh\u0103n, tr\u1ecb vi\u00eam l\u1ed7 ch\u00e2n l\u00f4ng<\/div>\n<div dir=\"auto\"><\/div>\n<\/div>\n","protected":false},"excerpt":{"rendered":"<div class=\"xdj266r x11i5rnm xat24cr x1mh8g0r x1vvkbs x126k92a\">\n<div dir=\"auto\">Truy\u1ec1n Tr\u1eafng S8 \u0323 \u0303 !!<\/div>\n<\/div>\n<div class=\"x11i5rnm xat24cr x1mh8g0r x1vvkbs xtlvy1s x126k92a\">\n<div dir=\"auto\"><span class=\"x3nfvp2 x1j61x8r x1fcty0u xdj266r xhhsvwb xat24cr xgzva0m xxymvpz xlup9mm x1kky2od\"><img decoding=\"async\" class=\"xz74otr\" src=\"https:\/\/static.xx.fbcdn.net\/images\/emoji.php\/v9\/tf0\/2\/16\/1f449.png\" alt=\"\" width=\"16\" height=\"16\" \/><\/span> S8 c\u1ee7a Thu\u1ef5 S\u0129 l\u00e0 ngu\u1ed3n s\u1ea3n ph\u1ea9m \u0111\u1ee9ng \u0111\u1ea7u v\u1ec1 tr\u1eafng da an to\u00e0n v\u00e0 hi\u1ec7u qu\u1ea3 nh\u1ea5t. N\u1ebfu truy\u1ec1n lo\u1ea1i n\u00e0y m\u00e0 kh\u00f4ng l\u00ean tone n\u1eefa th\u00ec th\u00f4i kh\u00f4ng truy\u1ec1n g\u00ec n\u1eefa nh\u00e9..!!<\/div>\n<\/div>\n<div class=\"x11i5rnm xat24cr x1mh8g0r x1vvkbs xtlvy1s x126k92a\">\n<div dir=\"auto\"><span class=\"x3nfvp2 x1j61x8r x1fcty0u xdj266r xhhsvwb xat24cr xgzva0m xxymvpz xlup9mm x1kky2od\"><img decoding=\"async\" class=\"xz74otr\" src=\"https:\/\/static.xx.fbcdn.net\/images\/emoji.php\/v9\/tb4\/2\/16\/2705.png\" alt=\"&#x2705;\" width=\"16\" height=\"16\" \/><\/span>TRUY\u1ec0N TR\u1eaeNG DA THU\u1ef4 S\u0128 TR\u1eaeNG NH\u1ea4T HI\u1ec6N NAY L\u00c0 D\u00d2NG S8 (H\u00e0m L\u01b0\u1ee3ng Gluthione th\u1eadt ch\u1ee9 kh\u00f4ng ph\u1ea3i h\u00e0m l\u01b0\u1ee3ng \u1ea3o nh\u01b0 nh\u1eefng lo\u1ea1i kh\u00e1c tr\u00ean th\u1ecb tr\u01b0\u1eddng m\u00e0 truy\u1ec1n ho\u00e0i kh\u00f4ng tr\u1eafng \u0111\u00e2u nha)<\/div>\n<\/div>\n<div class=\"x11i5rnm xat24cr x1mh8g0r x1vvkbs xtlvy1s x126k92a\">\n<div dir=\"auto\"><span class=\"x3nfvp2 x1j61x8r x1fcty0u xdj266r xhhsvwb xat24cr xgzva0m xxymvpz xlup9mm x1kky2od\"><img decoding=\"async\" class=\"xz74otr\" src=\"https:\/\/static.xx.fbcdn.net\/images\/emoji.php\/v9\/t92\/2\/16\/1f539.png\" alt=\"\" width=\"16\" height=\"16\" \/><\/span>Tr\u1eafng b\u1eadt 4-5 tone ngay sau 1 li\u1ec7u tr\u00ecnh<\/div>\n<div dir=\"auto\"><span class=\"x3nfvp2 x1j61x8r x1fcty0u xdj266r xhhsvwb xat24cr xgzva0m xxymvpz xlup9mm x1kky2od\"><img decoding=\"async\" class=\"xz74otr\" src=\"https:\/\/static.xx.fbcdn.net\/images\/emoji.php\/v9\/t92\/2\/16\/1f539.png\" alt=\"\" width=\"16\" height=\"16\" \/><\/span>Hi\u1ec7u qu\u1ea3 v\u1edbi c\u1ea3 l\u00e0n da chai l\u00ec, kh\u00f3 tr\u1eafng<\/div>\n<div dir=\"auto\"><span class=\"x3nfvp2 x1j61x8r x1fcty0u xdj266r xhhsvwb xat24cr xgzva0m xxymvpz xlup9mm x1kky2od\"><img decoding=\"async\" class=\"xz74otr\" src=\"https:\/\/static.xx.fbcdn.net\/images\/emoji.php\/v9\/t92\/2\/16\/1f539.png\" alt=\"\" width=\"16\" height=\"16\" \/><\/span>\u0110i\u1ec1u h\u00f2a n\u1ed9i ti\u1ebft t\u1ed1, t\u0103ng sinh collagen<\/div>\n<div dir=\"auto\"><span class=\"x3nfvp2 x1j61x8r x1fcty0u xdj266r xhhsvwb xat24cr xgzva0m xxymvpz xlup9mm x1kky2od\"><img decoding=\"async\" class=\"xz74otr\" src=\"https:\/\/static.xx.fbcdn.net\/images\/emoji.php\/v9\/t92\/2\/16\/1f539.png\" alt=\"\" width=\"16\" height=\"16\" \/><\/span>Th\u1ea3i \u0111\u1ed9c c\u01a1 th\u1ec3, t\u0103ng c\u01b0\u1eddng s\u1ee9c kh\u1ecfe, ng\u0103n ch\u1eb7n l\u00e3o h\u00f3a to\u00e0n c\u01a1 th\u1ec3<\/div>\n<div dir=\"auto\"><span class=\"x3nfvp2 x1j61x8r x1fcty0u xdj266r xhhsvwb xat24cr xgzva0m xxymvpz xlup9mm x1kky2od\"><img decoding=\"async\" class=\"xz74otr\" src=\"https:\/\/static.xx.fbcdn.net\/images\/emoji.php\/v9\/t92\/2\/16\/1f539.png\" alt=\"\" width=\"16\" height=\"16\" \/><\/span>B\u1ea3o v\u1ec7 da kh\u1ecfi t\u00e1c h\u1ea1i c\u1ee7a tia UVA v\u00e0 UVB<\/div>\n<div dir=\"auto\"><span class=\"x3nfvp2 x1j61x8r x1fcty0u xdj266r xhhsvwb xat24cr xgzva0m xxymvpz xlup9mm x1kky2od\"><img decoding=\"async\" class=\"xz74otr\" src=\"https:\/\/static.xx.fbcdn.net\/images\/emoji.php\/v9\/t92\/2\/16\/1f539.png\" alt=\"\" width=\"16\" height=\"16\" \/><\/span>N\u00e2ng c\u01a1 v\u00e0 s\u0103n da r\u00f5 r\u1ec7t<\/div>\n<div dir=\"auto\"><span class=\"x3nfvp2 x1j61x8r x1fcty0u xdj266r xhhsvwb xat24cr xgzva0m xxymvpz xlup9mm x1kky2od\"><img decoding=\"async\" class=\"xz74otr\" src=\"https:\/\/static.xx.fbcdn.net\/images\/emoji.php\/v9\/t92\/2\/16\/1f539.png\" alt=\"\" width=\"16\" height=\"16\" \/><\/span>Gi\u1ea3m n\u00e1m th\u00e2m v\u00e0 n\u1ebfp nh\u0103n, tr\u1ecb vi\u00eam l\u1ed7 ch\u00e2n l\u00f4ng<\/div>\n<div dir=\"auto\"><\/div>\n<\/div>\n","protected":false},"featured_media":22375,"comment_status":"open","ping_status":"closed","template":"","meta":[],"product_cat":[53],"product_tag":[],"class_list":{"0":"post-22229","1":"product","2":"type-product","3":"status-publish","4":"has-post-thumbnail","6":"product_cat-truyen-trang","8":"first","9":"instock","10":"shipping-taxable","11":"purchasable","12":"product-type-simple"},"_links":{"self":[{"href":"https:\/\/phukienthammy.com.vn\/index.php?rest_route=\/wp\/v2\/product\/22229","targetHints":{"allow":["GET"]}}],"collection":[{"href":"https:\/\/phukienthammy.com.vn\/index.php?rest_route=\/wp\/v2\/product"}],"about":[{"href":"https:\/\/phukienthammy.com.vn\/index.php?rest_route=\/wp\/v2\/types\/product"}],"replies":[{"embeddable":true,"href":"https:\/\/phukienthammy.com.vn\/index.php?rest_route=%2Fwp%2Fv2%2Fcomments&post=22229"}],"version-history":[{"count":0,"href":"https:\/\/phukienthammy.com.vn\/index.php?rest_route=\/wp\/v2\/product\/22229\/revisions"}],"wp:featuredmedia":[{"embeddable":true,"href":"https:\/\/phukienthammy.com.vn\/index.php?rest_route=\/wp\/v2\/media\/22375"}],"wp:attachment":[{"href":"https:\/\/phukienthammy.com.vn\/index.php?rest_route=%2Fwp%2Fv2%2Fmedia&parent=22229"}],"wp:term":[{"taxonomy":"product_cat","embeddable":true,"href":"https:\/\/phukienthammy.com.vn\/index.php?rest_route=%2Fwp%2Fv2%2Fproduct_cat&post=22229"},{"taxonomy":"product_tag","embeddable":true,"href":"https:\/\/phukienthammy.com.vn\/index.php?rest_route=%2Fwp%2Fv2%2Fproduct_tag&post=22229"}],"curies":[{"name":"wp","href":"https:\/\/api.w.org\/{rel}","templated":true}]}}