{"id":22227,"date":"2024-03-20T23:35:02","date_gmt":"2024-03-20T16:35:02","guid":{"rendered":"https:\/\/phukienthammy.com.vn\/?post_type=product&#038;p=22227"},"modified":"2024-03-20T23:37:18","modified_gmt":"2024-03-20T16:37:18","slug":"truyen-trang-moc-tuyet","status":"publish","type":"product","link":"https:\/\/phukienthammy.com.vn\/?product=truyen-trang-moc-tuyet","title":{"rendered":"Truy\u1ec1n Tr\u1eafng M\u1ed9c Tuy\u1ebft"},"content":{"rendered":"<div dir=\"auto\">Truy\u1ec1n Tr\u1eafng M\u1ed9c Tuy\u1ebft<\/div>\n<div dir=\"auto\"><span class=\"x3nfvp2 x1j61x8r x1fcty0u xdj266r xhhsvwb xat24cr xgzva0m xxymvpz xlup9mm x1kky2od\"><img decoding=\"async\" class=\"xz74otr\" src=\"https:\/\/static.xx.fbcdn.net\/images\/emoji.php\/v9\/tf0\/2\/16\/1f449.png\" alt=\"&#x1f449;\" width=\"16\" height=\"16\" \/><\/span>\u01afU \u0110I\u1ec2M PHI\u00caN B\u1ea2N M\u1edaI<\/div>\n<div dir=\"auto\"><span class=\"x3nfvp2 x1j61x8r x1fcty0u xdj266r xhhsvwb xat24cr xgzva0m xxymvpz xlup9mm x1kky2od\"><img decoding=\"async\" class=\"xz74otr\" src=\"https:\/\/static.xx.fbcdn.net\/images\/emoji.php\/v9\/tf0\/2\/16\/1f449.png\" alt=\"&#x1f449;\" width=\"16\" height=\"16\" \/><\/span> TH\u00c1CH TH\u1ee8C M\u1eccI LO\u1ea0I DA<\/div>\n<div dir=\"auto\"><span class=\"x3nfvp2 x1j61x8r x1fcty0u xdj266r xhhsvwb xat24cr xgzva0m xxymvpz xlup9mm x1kky2od\"><img decoding=\"async\" class=\"xz74otr\" src=\"https:\/\/static.xx.fbcdn.net\/images\/emoji.php\/v9\/tf0\/2\/16\/1f449.png\" alt=\"&#x1f449;\" width=\"16\" height=\"16\" \/><\/span>TR\u1eaeNG H\u1ed2NG: Glutathione trong M\u1ed9c Tuy\u1ebft cao g\u1ea5p 5 l\u1ea7n TB th\u1ef1c v\u1eadt, qu\u00e9t s\u1ea1ch melamin t\u1ea7ng s\u00e2u gi\u00fap da tr\u1eafng m\u1ecbn m\u00e0ng r\u00f5 r\u1ec7t qua t\u1eebng bu\u1ed5i truy\u1ec1n.<\/div>\n<div dir=\"auto\"><span class=\"x3nfvp2 x1j61x8r x1fcty0u xdj266r xhhsvwb xat24cr xgzva0m xxymvpz xlup9mm x1kky2od\"><img decoding=\"async\" class=\"xz74otr\" src=\"https:\/\/static.xx.fbcdn.net\/images\/emoji.php\/v9\/ta2\/2\/16\/1f380.png\" alt=\"&#x1f380;\" width=\"16\" height=\"16\" \/><\/span> CH\u1ed0NG NH\u0102N DA: Kh\u1ea3 n\u0103ng ch\u1ed1ng l\u00e3o h\u00f3a c\u1ef1c m\u1ea1nh, M\u1ed9c Tuy\u1ebft l\u00e0m s\u0103n ch\u1eafc, se kh\u00edt l\u1ed7 ch\u00e2n l\u00f4ng v\u00e0 l\u00e0m m\u1ec1m, ch\u1ed1ng kh\u00f4 da.<\/div>\n<div dir=\"auto\"><span class=\"x3nfvp2 x1j61x8r x1fcty0u xdj266r xhhsvwb xat24cr xgzva0m xxymvpz xlup9mm x1kky2od\"><img decoding=\"async\" class=\"xz74otr\" src=\"https:\/\/static.xx.fbcdn.net\/images\/emoji.php\/v9\/ta2\/2\/16\/1f380.png\" alt=\"&#x1f380;\" width=\"16\" height=\"16\" \/><\/span> X\u00d3A TH\u00c2M: T\u0103ng s\u00e1ng c\u00e1c v\u00f9ng da th\u00e2m \u1edf m\u1eb9 sau sinh ho\u1eb7c khu\u1ef7u tay, \u0111\u1ea7u g\u1ed1i, bikini,.. s\u00e1ng \u0111\u1ed3ng \u0111\u1ec1u c\u00f9ng tone c\u01a1 th\u1ec3.<\/div>\n<div dir=\"auto\"><span class=\"x3nfvp2 x1j61x8r x1fcty0u xdj266r xhhsvwb xat24cr xgzva0m xxymvpz xlup9mm x1kky2od\"><img decoding=\"async\" class=\"xz74otr\" src=\"https:\/\/static.xx.fbcdn.net\/images\/emoji.php\/v9\/ta2\/2\/16\/1f380.png\" alt=\"&#x1f380;\" width=\"16\" height=\"16\" \/><\/span> \u0110I\u1ec0U H\u00d2A N\u1ed8I TI\u1ebeT T\u1ed0 N\u1eee: Tinh ch\u1ea5t th\u1ea9m th\u1ea5u 100% v\u00e0o m.\u00e1.u, t\u0103ng c\u01b0\u1eddng hocmon n\u1eef gi\u00fap da h\u1ed3ng h\u00e0o, s\u00e1ng kh\u1ecfe, ng\u1ee7 ngon gi\u1ea5c v\u00e0 tinh th\u1ea7n tho\u1ea3i m\u00e1i vui v\u1ebb h\u01a1n.<\/div>\n<div dir=\"auto\"><span class=\"x3nfvp2 x1j61x8r x1fcty0u xdj266r xhhsvwb xat24cr xgzva0m xxymvpz xlup9mm x1kky2od\"><img decoding=\"async\" class=\"xz74otr\" src=\"https:\/\/static.xx.fbcdn.net\/images\/emoji.php\/v9\/tf0\/2\/16\/1f449.png\" alt=\"&#x1f449;\" width=\"16\" height=\"16\" \/><\/span>NH\u1eeeNG LO\u1ea0I DA N\u00c0O N\u00caN TRUY\u1ec0N TR\u1eaeNG M\u1ed8C TUY\u1ebeT?<\/div>\n<div dir=\"auto\">&#8211; Da \u0111en l\u00ec kh\u00f3 tr\u1eafng<\/div>\n<div dir=\"auto\">&#8211; Da n\u00e2u s\u1ea1m, s\u1ea7n s\u00f9i, d\u00e0y v\u00e0 c\u1ee9ng<\/div>\n<div dir=\"auto\">&#8211; Da ch\u00e1y n\u1eafng do t\u1eafm bi\u1ec3n<\/div>\n<div dir=\"auto\">&#8211; Da y\u1ebfu do l\u1ed9t t\u1ea9y, truy\u1ec1n tr\u1eafng s\u1ebd cho da kh\u1ecfe l\u00ean t\u1eeb b\u00ean trong.<\/div>\n","protected":false},"excerpt":{"rendered":"<div dir=\"auto\">Truy\u1ec1n Tr\u1eafng M\u1ed9c Tuy\u1ebft<\/div>\n<div dir=\"auto\"><span class=\"x3nfvp2 x1j61x8r x1fcty0u xdj266r xhhsvwb xat24cr xgzva0m xxymvpz xlup9mm x1kky2od\"><img decoding=\"async\" class=\"xz74otr\" src=\"https:\/\/static.xx.fbcdn.net\/images\/emoji.php\/v9\/tf0\/2\/16\/1f449.png\" alt=\"&#x1f449;\" width=\"16\" height=\"16\" \/><\/span>\u01afU \u0110I\u1ec2M PHI\u00caN B\u1ea2N M\u1edaI<\/div>\n<div dir=\"auto\"><span class=\"x3nfvp2 x1j61x8r x1fcty0u xdj266r xhhsvwb xat24cr xgzva0m xxymvpz xlup9mm x1kky2od\"><img decoding=\"async\" class=\"xz74otr\" src=\"https:\/\/static.xx.fbcdn.net\/images\/emoji.php\/v9\/tf0\/2\/16\/1f449.png\" alt=\"&#x1f449;\" width=\"16\" height=\"16\" \/><\/span> TH\u00c1CH TH\u1ee8C M\u1eccI LO\u1ea0I DA<\/div>\n<div dir=\"auto\"><span class=\"x3nfvp2 x1j61x8r x1fcty0u xdj266r xhhsvwb xat24cr xgzva0m xxymvpz xlup9mm x1kky2od\"><img decoding=\"async\" class=\"xz74otr\" src=\"https:\/\/static.xx.fbcdn.net\/images\/emoji.php\/v9\/tf0\/2\/16\/1f449.png\" alt=\"&#x1f449;\" width=\"16\" height=\"16\" \/><\/span>TR\u1eaeNG H\u1ed2NG: Glutathione trong M\u1ed9c Tuy\u1ebft cao g\u1ea5p 5 l\u1ea7n TB th\u1ef1c v\u1eadt, qu\u00e9t s\u1ea1ch melamin t\u1ea7ng s\u00e2u gi\u00fap da tr\u1eafng m\u1ecbn m\u00e0ng r\u00f5 r\u1ec7t qua t\u1eebng bu\u1ed5i truy\u1ec1n.<\/div>\n<div dir=\"auto\"><span class=\"x3nfvp2 x1j61x8r x1fcty0u xdj266r xhhsvwb xat24cr xgzva0m xxymvpz xlup9mm x1kky2od\"><img decoding=\"async\" class=\"xz74otr\" src=\"https:\/\/static.xx.fbcdn.net\/images\/emoji.php\/v9\/ta2\/2\/16\/1f380.png\" alt=\"&#x1f380;\" width=\"16\" height=\"16\" \/><\/span> CH\u1ed0NG NH\u0102N DA: Kh\u1ea3 n\u0103ng ch\u1ed1ng l\u00e3o h\u00f3a c\u1ef1c m\u1ea1nh, M\u1ed9c Tuy\u1ebft l\u00e0m s\u0103n ch\u1eafc, se kh\u00edt l\u1ed7 ch\u00e2n l\u00f4ng v\u00e0 l\u00e0m m\u1ec1m, ch\u1ed1ng kh\u00f4 da.<\/div>\n<div dir=\"auto\"><span class=\"x3nfvp2 x1j61x8r x1fcty0u xdj266r xhhsvwb xat24cr xgzva0m xxymvpz xlup9mm x1kky2od\"><img decoding=\"async\" class=\"xz74otr\" src=\"https:\/\/static.xx.fbcdn.net\/images\/emoji.php\/v9\/ta2\/2\/16\/1f380.png\" alt=\"&#x1f380;\" width=\"16\" height=\"16\" \/><\/span> X\u00d3A TH\u00c2M: T\u0103ng s\u00e1ng c\u00e1c v\u00f9ng da th\u00e2m \u1edf m\u1eb9 sau sinh ho\u1eb7c khu\u1ef7u tay, \u0111\u1ea7u g\u1ed1i, bikini,.. s\u00e1ng \u0111\u1ed3ng \u0111\u1ec1u c\u00f9ng tone c\u01a1 th\u1ec3.<\/div>\n<div dir=\"auto\"><span class=\"x3nfvp2 x1j61x8r x1fcty0u xdj266r xhhsvwb xat24cr xgzva0m xxymvpz xlup9mm x1kky2od\"><img decoding=\"async\" class=\"xz74otr\" src=\"https:\/\/static.xx.fbcdn.net\/images\/emoji.php\/v9\/ta2\/2\/16\/1f380.png\" alt=\"&#x1f380;\" width=\"16\" height=\"16\" \/><\/span> \u0110I\u1ec0U H\u00d2A N\u1ed8I TI\u1ebeT T\u1ed0 N\u1eee: Tinh ch\u1ea5t th\u1ea9m th\u1ea5u 100% v\u00e0o m.\u00e1.u, t\u0103ng c\u01b0\u1eddng hocmon n\u1eef gi\u00fap da h\u1ed3ng h\u00e0o, s\u00e1ng kh\u1ecfe, ng\u1ee7 ngon gi\u1ea5c v\u00e0 tinh th\u1ea7n tho\u1ea3i m\u00e1i vui v\u1ebb h\u01a1n.<\/div>\n<div dir=\"auto\"><span class=\"x3nfvp2 x1j61x8r x1fcty0u xdj266r xhhsvwb xat24cr xgzva0m xxymvpz xlup9mm x1kky2od\"><img decoding=\"async\" class=\"xz74otr\" src=\"https:\/\/static.xx.fbcdn.net\/images\/emoji.php\/v9\/tf0\/2\/16\/1f449.png\" alt=\"&#x1f449;\" width=\"16\" height=\"16\" \/><\/span>NH\u1eeeNG LO\u1ea0I DA N\u00c0O N\u00caN TRUY\u1ec0N TR\u1eaeNG M\u1ed8C TUY\u1ebeT?<\/div>\n<div dir=\"auto\">&#8211; Da \u0111en l\u00ec kh\u00f3 tr\u1eafng<\/div>\n<div dir=\"auto\">&#8211; Da n\u00e2u s\u1ea1m, s\u1ea7n s\u00f9i, d\u00e0y v\u00e0 c\u1ee9ng<\/div>\n<div dir=\"auto\">&#8211; Da ch\u00e1y n\u1eafng do t\u1eafm bi\u1ec3n<\/div>\n<div dir=\"auto\">&#8211; Da y\u1ebfu do l\u1ed9t t\u1ea9y, truy\u1ec1n tr\u1eafng s\u1ebd cho da kh\u1ecfe l\u00ean t\u1eeb b\u00ean trong.<\/div>\n","protected":false},"featured_media":22366,"comment_status":"open","ping_status":"closed","template":"","meta":[],"product_cat":[53],"product_tag":[],"class_list":{"0":"post-22227","1":"product","2":"type-product","3":"status-publish","4":"has-post-thumbnail","6":"product_cat-truyen-trang","8":"first","9":"instock","10":"shipping-taxable","11":"purchasable","12":"product-type-simple"},"_links":{"self":[{"href":"https:\/\/phukienthammy.com.vn\/index.php?rest_route=\/wp\/v2\/product\/22227","targetHints":{"allow":["GET"]}}],"collection":[{"href":"https:\/\/phukienthammy.com.vn\/index.php?rest_route=\/wp\/v2\/product"}],"about":[{"href":"https:\/\/phukienthammy.com.vn\/index.php?rest_route=\/wp\/v2\/types\/product"}],"replies":[{"embeddable":true,"href":"https:\/\/phukienthammy.com.vn\/index.php?rest_route=%2Fwp%2Fv2%2Fcomments&post=22227"}],"version-history":[{"count":0,"href":"https:\/\/phukienthammy.com.vn\/index.php?rest_route=\/wp\/v2\/product\/22227\/revisions"}],"wp:featuredmedia":[{"embeddable":true,"href":"https:\/\/phukienthammy.com.vn\/index.php?rest_route=\/wp\/v2\/media\/22366"}],"wp:attachment":[{"href":"https:\/\/phukienthammy.com.vn\/index.php?rest_route=%2Fwp%2Fv2%2Fmedia&parent=22227"}],"wp:term":[{"taxonomy":"product_cat","embeddable":true,"href":"https:\/\/phukienthammy.com.vn\/index.php?rest_route=%2Fwp%2Fv2%2Fproduct_cat&post=22227"},{"taxonomy":"product_tag","embeddable":true,"href":"https:\/\/phukienthammy.com.vn\/index.php?rest_route=%2Fwp%2Fv2%2Fproduct_tag&post=22227"}],"curies":[{"name":"wp","href":"https:\/\/api.w.org\/{rel}","templated":true}]}}