{"id":22085,"date":"2024-03-20T23:32:56","date_gmt":"2024-03-20T16:32:56","guid":{"rendered":"https:\/\/phukienthammy.com.vn\/?post_type=product&#038;p=22085"},"modified":"2024-03-20T23:35:12","modified_gmt":"2024-03-20T16:35:12","slug":"filler-gloria","status":"publish","type":"product","link":"https:\/\/phukienthammy.com.vn\/?product=filler-gloria","title":{"rendered":"Filler Gloria"},"content":{"rendered":"<p>Filler Gloria s\u1edf h\u1eefu 9 ti\u00eau ch\u00ed v\u00e0ng:<br \/>\n&#8211; Nguy\u00ean li\u1ec7u HA tinh khi\u1ebft 99.98% \u0111\u01b0\u1ee3c s\u1ea3n xu\u1ea5t v\u00e0 qu\u1ea3n l\u00fd theo quy tr\u00ecnh kh\u00e9p k\u00edn, an to\u00e0n.<br \/>\n&#8211; HA li\u00ean k\u1ebft ch\u00e9o b\u1ec1n v\u1eefng nh\u01b0ng kh\u00f4ng s\u01b0ng \u0111au.<br \/>\n&#8211; \u0110\u1ed9 \u0111\u00e0n h\u1ed3i v\u00e0 li\u00ean k\u1ebft ho\u00e0n h\u1ea3o gi\u00fap \u0111\u1ecbnh h\u00ecnh t\u1ed1t.<br \/>\n&#8211; C\u00f4ng ngh\u1ec7 x\u1eed l\u00fd c\u00e1c h\u1ea1t HA tinh vi, ho\u00e0n to\u00e0n \u0111\u1ed3ng nh\u1ea5t.<br \/>\n&#8211; Kh\u00f4ng ch\u1ee9a ch\u1ea5t x\u00fac t\u00e1c kh\u00e1c v\u00e0 kh\u00f4ng ch\u1ee9a d\u01b0 l\u01b0\u1ee3ng BDDE \u0111\u1ed9c h\u1ea1i.<br \/>\n&#8211; M\u00f4i tr\u01b0\u1eddng s\u1ea3n xu\u1ea5t v\u00f4 khu\u1ea9n ng\u0103n ng\u1eeba t\u00e1c d\u1ee5ng ph\u1ee5.<br \/>\n&#8211; Ho\u00e0n to\u00e0n kh\u00f4ng g\u00e2y k\u00edch \u1ee9ng.<br \/>\n&#8211; \u0110\u1ed9 PH v\u00e0 \u00e1p su\u1ea5t th\u1ea9m th\u1ea5u ho\u00e0n to\u00e0n t\u01b0\u01a1ng th\u00edch v\u1edbi c\u01a1 th\u1ec3 ng\u01b0\u1eddi, kh\u00f4ng g\u00e2y s\u01b0ng \u0111au trong v\u00e0 sau khi ti\u00eam.<br \/>\n&#8211; K\u1ef9 thu\u1eadt s\u1ea3n xu\u1ea5t tinh vi \u0111\u01b0\u1ee3c t\u1ed1i \u01b0u gi\u1ea3m thi\u1ec3u t\u1ed1i \u0111a \u00e1p l\u1ef1c ti\u00eam\u2026<\/p>\n<p>&nbsp;<\/p>\n","protected":false},"excerpt":{"rendered":"<p>Filler Gloria s\u1edf h\u1eefu 9 ti\u00eau ch\u00ed v\u00e0ng:<br \/>\n&#8211; Nguy\u00ean li\u1ec7u HA tinh khi\u1ebft 99.98% \u0111\u01b0\u1ee3c s\u1ea3n xu\u1ea5t v\u00e0 qu\u1ea3n l\u00fd theo quy tr\u00ecnh kh\u00e9p k\u00edn, an to\u00e0n.<br \/>\n&#8211; HA li\u00ean k\u1ebft ch\u00e9o b\u1ec1n v\u1eefng nh\u01b0ng kh\u00f4ng s\u01b0ng \u0111au.<br \/>\n&#8211; \u0110\u1ed9 \u0111\u00e0n h\u1ed3i v\u00e0 li\u00ean k\u1ebft ho\u00e0n h\u1ea3o gi\u00fap \u0111\u1ecbnh h\u00ecnh t\u1ed1t.<br \/>\n&#8211; C\u00f4ng ngh\u1ec7 x\u1eed l\u00fd c\u00e1c h\u1ea1t HA tinh vi, ho\u00e0n to\u00e0n \u0111\u1ed3ng nh\u1ea5t.<br \/>\n&#8211; Kh\u00f4ng ch\u1ee9a ch\u1ea5t x\u00fac t\u00e1c kh\u00e1c v\u00e0 kh\u00f4ng ch\u1ee9a d\u01b0 l\u01b0\u1ee3ng BDDE \u0111\u1ed9c h\u1ea1i.<br \/>\n&#8211; M\u00f4i tr\u01b0\u1eddng s\u1ea3n xu\u1ea5t v\u00f4 khu\u1ea9n ng\u0103n ng\u1eeba t\u00e1c d\u1ee5ng ph\u1ee5.<br \/>\n&#8211; Ho\u00e0n to\u00e0n kh\u00f4ng g\u00e2y k\u00edch \u1ee9ng.<br \/>\n&#8211; \u0110\u1ed9 PH v\u00e0 \u00e1p su\u1ea5t th\u1ea9m th\u1ea5u ho\u00e0n to\u00e0n t\u01b0\u01a1ng th\u00edch v\u1edbi c\u01a1 th\u1ec3 ng\u01b0\u1eddi, kh\u00f4ng g\u00e2y s\u01b0ng \u0111au trong v\u00e0 sau khi ti\u00eam.<br \/>\n&#8211; K\u1ef9 thu\u1eadt s\u1ea3n xu\u1ea5t tinh vi \u0111\u01b0\u1ee3c t\u1ed1i \u01b0u gi\u1ea3m thi\u1ec3u t\u1ed1i \u0111a \u00e1p l\u1ef1c ti\u00eam\u2026<\/p>\n<p>&nbsp;<\/p>\n","protected":false},"featured_media":22238,"comment_status":"open","ping_status":"closed","template":"","meta":[],"product_cat":[51],"product_tag":[],"class_list":{"0":"post-22085","1":"product","2":"type-product","3":"status-publish","4":"has-post-thumbnail","6":"product_cat-filler","8":"first","9":"instock","10":"shipping-taxable","11":"purchasable","12":"product-type-simple"},"_links":{"self":[{"href":"https:\/\/phukienthammy.com.vn\/index.php?rest_route=\/wp\/v2\/product\/22085","targetHints":{"allow":["GET"]}}],"collection":[{"href":"https:\/\/phukienthammy.com.vn\/index.php?rest_route=\/wp\/v2\/product"}],"about":[{"href":"https:\/\/phukienthammy.com.vn\/index.php?rest_route=\/wp\/v2\/types\/product"}],"replies":[{"embeddable":true,"href":"https:\/\/phukienthammy.com.vn\/index.php?rest_route=%2Fwp%2Fv2%2Fcomments&post=22085"}],"version-history":[{"count":0,"href":"https:\/\/phukienthammy.com.vn\/index.php?rest_route=\/wp\/v2\/product\/22085\/revisions"}],"wp:featuredmedia":[{"embeddable":true,"href":"https:\/\/phukienthammy.com.vn\/index.php?rest_route=\/wp\/v2\/media\/22238"}],"wp:attachment":[{"href":"https:\/\/phukienthammy.com.vn\/index.php?rest_route=%2Fwp%2Fv2%2Fmedia&parent=22085"}],"wp:term":[{"taxonomy":"product_cat","embeddable":true,"href":"https:\/\/phukienthammy.com.vn\/index.php?rest_route=%2Fwp%2Fv2%2Fproduct_cat&post=22085"},{"taxonomy":"product_tag","embeddable":true,"href":"https:\/\/phukienthammy.com.vn\/index.php?rest_route=%2Fwp%2Fv2%2Fproduct_tag&post=22085"}],"curies":[{"name":"wp","href":"https:\/\/api.w.org\/{rel}","templated":true}]}}