{"id":22010,"date":"2024-03-20T23:32:10","date_gmt":"2024-03-20T16:32:10","guid":{"rendered":"https:\/\/phukienthammy.com.vn\/?post_type=product&#038;p=22010"},"modified":"2025-12-27T09:18:53","modified_gmt":"2025-12-27T02:18:53","slug":"filler-white-fill-pro-implant","status":"publish","type":"product","link":"https:\/\/phukienthammy.com.vn\/?product=filler-white-fill-pro-implant","title":{"rendered":"Filler White Fill Pro Implant"},"content":{"rendered":"<div class=\"xdj266r x11i5rnm xat24cr x1mh8g0r x1vvkbs x126k92a\">\n<div dir=\"auto\">\n<h3 data-start=\"393\" data-end=\"470\"><strong data-start=\"397\" data-end=\"468\">Filler White Fill Pro Implant \u2013 Ch\u1ea5t L\u00e0m \u0110\u1ea7y H\u1ed7 Tr\u1ee3 T\u1ea1o H\u00ecnh C\u01a1 Th\u1ec3<\/strong><\/h3>\n<p data-start=\"471\" data-end=\"605\"><strong data-start=\"471\" data-end=\"492\">Th\u00e0nh ph\u1ea7n ch\u00ednh:<\/strong> Hyaluronic Acid (HA) 24mg\/ml \u2013 tinh khi\u1ebft cao<br data-start=\"538\" data-end=\"541\" \/><strong data-start=\"541\" data-end=\"554\">Quy c\u00e1ch:<\/strong> K\u00e8m kim Cannula v\u00e0 kim m\u1ed3i<br data-start=\"581\" data-end=\"584\" \/><strong data-start=\"584\" data-end=\"596\">Xu\u1ea5t x\u1ee9:<\/strong> H\u00e0n Qu\u1ed1c<\/p>\n<hr data-start=\"607\" data-end=\"610\" \/>\n<p data-start=\"612\" data-end=\"904\"><strong data-start=\"612\" data-end=\"636\">Gi\u1edbi thi\u1ec7u s\u1ea3n ph\u1ea9m:<\/strong><br data-start=\"636\" data-end=\"639\" \/>White Fill Pro Implant l\u00e0 s\u1ea3n ph\u1ea9m ch\u1ea5t l\u00e0m \u0111\u1ea7y cao c\u1ea5p \u0111\u01b0\u1ee3c s\u1ea3n xu\u1ea5t b\u1eb1ng c\u00f4ng ngh\u1ec7 ti\u00ean ti\u1ebfn t\u1ea1i H\u00e0n Qu\u1ed1c. S\u1ea3n ph\u1ea9m s\u1edf h\u1eefu c\u1ea5u tr\u00fac li\u00ean k\u1ebft ch\u00e9o gi\u00fap duy tr\u00ec h\u00ecnh d\u00e1ng \u1ed5n \u0111\u1ecbnh v\u00e0 th\u01b0\u1eddng \u0111\u01b0\u1ee3c s\u1eed d\u1ee5ng trong c\u00e1c li\u1ec7u tr\u00ecnh t\u1ea1o h\u00ecnh t\u1ea1i c\u00e1c c\u01a1 s\u1edf l\u00e0m \u0111\u1eb9p chuy\u00ean m\u00f4n.<\/p>\n<hr data-start=\"906\" data-end=\"909\" \/>\n<p data-start=\"911\" data-end=\"933\"><strong data-start=\"911\" data-end=\"931\">\u01afu \u0111i\u1ec3m n\u1ed5i b\u1eadt:<\/strong><\/p>\n<ul data-start=\"934\" data-end=\"1175\">\n<li data-start=\"934\" data-end=\"977\">\n<p data-start=\"936\" data-end=\"977\">C\u1ea5u tr\u00fac gel m\u1ecbn, \u1ed5n \u0111\u1ecbnh v\u00e0 b\u00e1m m\u00f4 t\u1ed1t<\/p>\n<\/li>\n<li data-start=\"978\" data-end=\"1043\">\n<p data-start=\"980\" data-end=\"1043\">H\u1ed7 tr\u1ee3 c\u1ea5p \u1ea9m v\u00e0 c\u1ea3i thi\u1ec7n \u0111\u1ed9 \u0111\u1ea7y t\u1ea1i c\u00e1c v\u00f9ng da c\u1ea7n l\u00e0m m\u1ecbn<\/p>\n<\/li>\n<li data-start=\"1044\" data-end=\"1105\">\n<p data-start=\"1046\" data-end=\"1105\">\u0110\u01b0\u1ee3c \u0111\u00e1nh gi\u00e1 cao v\u1ec1 \u0111\u1ed9 t\u01b0\u01a1ng th\u00edch v\u00e0 kh\u1ea3 n\u0103ng \u0111\u1ecbnh h\u00ecnh<\/p>\n<\/li>\n<li data-start=\"1106\" data-end=\"1175\">\n<p data-start=\"1108\" data-end=\"1175\">S\u1ea3n ph\u1ea9m ch\u00ednh h\u00e3ng, ph\u00f9 h\u1ee3p s\u1eed d\u1ee5ng trong m\u00f4i tr\u01b0\u1eddng chuy\u00ean nghi\u1ec7p<\/p>\n<\/li>\n<\/ul>\n<hr data-start=\"1177\" data-end=\"1180\" \/>\n<p data-start=\"1182\" data-end=\"1202\"><strong data-start=\"1182\" data-end=\"1200\">L\u01b0u \u00fd s\u1eed d\u1ee5ng:<\/strong><\/p>\n<ul data-start=\"1203\" data-end=\"1421\">\n<li data-start=\"1203\" data-end=\"1275\">\n<p data-start=\"1205\" data-end=\"1275\">Ch\u1ec9 n\u00ean s\u1eed d\u1ee5ng b\u1edfi k\u1ef9 thu\u1eadt vi\u00ean chuy\u00ean m\u00f4n t\u1ea1i c\u01a1 s\u1edf \u0111\u01b0\u1ee3c c\u1ea5p ph\u00e9p<\/p>\n<\/li>\n<li data-start=\"1276\" data-end=\"1350\">\n<p data-start=\"1278\" data-end=\"1350\">Kh\u00f4ng d\u00f9ng cho ph\u1ee5 n\u1eef c\u00f3 thai, \u0111ang cho con b\u00fa ho\u1eb7c ng\u01b0\u1eddi d\u01b0\u1edbi 18 tu\u1ed5i<\/p>\n<\/li>\n<li data-start=\"1351\" data-end=\"1421\">\n<p data-start=\"1353\" data-end=\"1421\">Kh\u00f4ng s\u1eed d\u1ee5ng n\u1ebfu c\u00f3 d\u1ecb \u1ee9ng v\u1edbi b\u1ea5t k\u1ef3 th\u00e0nh ph\u1ea7n n\u00e0o c\u1ee7a s\u1ea3n ph\u1ea9m<\/p>\n<\/li>\n<\/ul>\n<\/div>\n<\/div>\n","protected":false},"excerpt":{"rendered":"<div class=\"xdj266r x11i5rnm xat24cr x1mh8g0r x1vvkbs x126k92a\">\n<div dir=\"auto\">\n<p data-start=\"471\" data-end=\"605\"><strong data-start=\"471\" data-end=\"492\">Th\u00e0nh ph\u1ea7n ch\u00ednh:<\/strong> Hyaluronic Acid (HA) 24mg\/ml \u2013 tinh khi\u1ebft cao<br data-start=\"538\" data-end=\"541\" \/><strong data-start=\"541\" data-end=\"554\">Quy c\u00e1ch:<\/strong> K\u00e8m kim Cannula v\u00e0 kim m\u1ed3i<br data-start=\"581\" data-end=\"584\" \/><strong data-start=\"584\" data-end=\"596\">Xu\u1ea5t x\u1ee9:<\/strong> H\u00e0n Qu\u1ed1c<\/p>\n<hr data-start=\"607\" data-end=\"610\" \/>\n<p data-start=\"612\" data-end=\"904\"><strong data-start=\"612\" data-end=\"636\">Gi\u1edbi thi\u1ec7u s\u1ea3n ph\u1ea9m:<\/strong><br data-start=\"636\" data-end=\"639\" \/>White Fill Pro Implant l\u00e0 s\u1ea3n ph\u1ea9m ch\u1ea5t l\u00e0m \u0111\u1ea7y cao c\u1ea5p \u0111\u01b0\u1ee3c s\u1ea3n xu\u1ea5t b\u1eb1ng c\u00f4ng ngh\u1ec7 ti\u00ean ti\u1ebfn t\u1ea1i H\u00e0n Qu\u1ed1c. S\u1ea3n ph\u1ea9m s\u1edf h\u1eefu c\u1ea5u tr\u00fac li\u00ean k\u1ebft ch\u00e9o gi\u00fap duy tr\u00ec h\u00ecnh d\u00e1ng \u1ed5n \u0111\u1ecbnh v\u00e0 th\u01b0\u1eddng \u0111\u01b0\u1ee3c s\u1eed d\u1ee5ng trong c\u00e1c li\u1ec7u tr\u00ecnh t\u1ea1o h\u00ecnh t\u1ea1i c\u00e1c c\u01a1 s\u1edf l\u00e0m \u0111\u1eb9p chuy\u00ean m\u00f4n.<\/p>\n<\/div>\n<\/div>\n","protected":false},"featured_media":22163,"comment_status":"open","ping_status":"closed","template":"","meta":[],"product_cat":[51],"product_tag":[],"class_list":{"0":"post-22010","1":"product","2":"type-product","3":"status-publish","4":"has-post-thumbnail","6":"product_cat-filler","8":"first","9":"instock","10":"shipping-taxable","11":"purchasable","12":"product-type-simple"},"_links":{"self":[{"href":"https:\/\/phukienthammy.com.vn\/index.php?rest_route=\/wp\/v2\/product\/22010","targetHints":{"allow":["GET"]}}],"collection":[{"href":"https:\/\/phukienthammy.com.vn\/index.php?rest_route=\/wp\/v2\/product"}],"about":[{"href":"https:\/\/phukienthammy.com.vn\/index.php?rest_route=\/wp\/v2\/types\/product"}],"replies":[{"embeddable":true,"href":"https:\/\/phukienthammy.com.vn\/index.php?rest_route=%2Fwp%2Fv2%2Fcomments&post=22010"}],"version-history":[{"count":3,"href":"https:\/\/phukienthammy.com.vn\/index.php?rest_route=\/wp\/v2\/product\/22010\/revisions"}],"predecessor-version":[{"id":22842,"href":"https:\/\/phukienthammy.com.vn\/index.php?rest_route=\/wp\/v2\/product\/22010\/revisions\/22842"}],"wp:featuredmedia":[{"embeddable":true,"href":"https:\/\/phukienthammy.com.vn\/index.php?rest_route=\/wp\/v2\/media\/22163"}],"wp:attachment":[{"href":"https:\/\/phukienthammy.com.vn\/index.php?rest_route=%2Fwp%2Fv2%2Fmedia&parent=22010"}],"wp:term":[{"taxonomy":"product_cat","embeddable":true,"href":"https:\/\/phukienthammy.com.vn\/index.php?rest_route=%2Fwp%2Fv2%2Fproduct_cat&post=22010"},{"taxonomy":"product_tag","embeddable":true,"href":"https:\/\/phukienthammy.com.vn\/index.php?rest_route=%2Fwp%2Fv2%2Fproduct_tag&post=22010"}],"curies":[{"name":"wp","href":"https:\/\/api.w.org\/{rel}","templated":true}]}}