{"id":21998,"date":"2024-03-20T23:32:09","date_gmt":"2024-03-20T16:32:09","guid":{"rendered":"https:\/\/phukienthammy.com.vn\/?post_type=product&#038;p=21998"},"modified":"2025-10-27T21:48:52","modified_gmt":"2025-10-27T14:48:52","slug":"filler-sardenya","status":"publish","type":"product","link":"https:\/\/phukienthammy.com.vn\/?product=filler-sardenya","title":{"rendered":"Filler Sardenya"},"content":{"rendered":"<div class=\"xdj266r x11i5rnm xat24cr x1mh8g0r x1vvkbs x126k92a\">\n<div dir=\"auto\"><span class=\"x3nfvp2 x1j61x8r x1fcty0u xdj266r xhhsvwb xat24cr xgzva0m xxymvpz xlup9mm x1kky2od\"><img decoding=\"async\" class=\"xz74otr\" src=\"https:\/\/static.xx.fbcdn.net\/images\/emoji.php\/v9\/te1\/2\/16\/1f50e.png\" alt=\"&#x1f50e;\" width=\"16\" height=\"16\" \/> T\u00ecm Hi\u1ec3u D\u00f2ng<\/span>\u00a0Filler Sardenya<\/div>\n<\/div>\n<div class=\"x11i5rnm xat24cr x1mh8g0r x1vvkbs xtlvy1s x126k92a\">\n<div dir=\"auto\">D\u00f2ng filler HA ph\u1ed5 bi\u1ebfn t\u1ea1i c\u00e1c n\u01b0\u1edbc tr\u00ean th\u1ebf gi\u1edbi<\/div>\n<\/div>\n<div class=\"x11i5rnm xat24cr x1mh8g0r x1vvkbs xtlvy1s x126k92a\">\n<div dir=\"auto\">Sardenya Vi\u1ec7t Nam hi\u1ec7n l\u00e0 nh\u00e0 ph\u00e2n ph\u1ed1i \u0111\u1ed9c quy\u1ec1n d\u00f2ng s\u1ea3n ph\u1ea9m filler HA, lo\u1ea1i filler chu\u1ea9n ch\u1ea5t l\u01b0\u1ee3ng Ch\u00e2u \u00e2u \u0111ang r\u1ea5t \u0111\u01b0\u1ee3c th\u1ecbnh h\u00e0nh v\u00e0 s\u0103n \u0111\u00f3n t\u1ea1i t\u1ea1i c\u00e1c trung t\u00e2m th\u1ea9m m\u1ef9 tr\u00ean th\u1ebf gi\u1edbi.<\/div>\n<\/div>\n<div class=\"x11i5rnm xat24cr x1mh8g0r x1vvkbs xtlvy1s x126k92a\">\n<div dir=\"auto\">V\u1edbi th\u00e0nh ph\u1ea7n ch\u00ednh l\u00e0 Hyaluronic acid (HA) c\u00f3 li\u00ean k\u1ebft ch\u00e9o BDDE c\u00f3 n\u1ed3ng \u0111\u1ed9 Lidocaine 0,3%.<\/div>\n<\/div>\n<div class=\"x11i5rnm xat24cr x1mh8g0r x1vvkbs xtlvy1s x126k92a\">\n<div dir=\"auto\">V\u1edbi 3 d\u00f2ng filler ch\u00ednh:<\/div>\n<\/div>\n<div class=\"x11i5rnm xat24cr x1mh8g0r x1vvkbs xtlvy1s x126k92a\">\n<div dir=\"auto\"><span class=\"x3nfvp2 x1j61x8r x1fcty0u xdj266r xhhsvwb xat24cr xgzva0m xxymvpz xlup9mm x1kky2od\"><img decoding=\"async\" class=\"xz74otr\" src=\"https:\/\/static.xx.fbcdn.net\/images\/emoji.php\/v9\/t52\/2\/16\/1f517.png\" alt=\"&#x1f517;\" width=\"16\" height=\"16\" \/><\/span>Sardenya Fine: lo\u1ea1i si\u00eau m\u1ec1m s\u1eed d\u1ee5ng cho v\u00f9ng m\u00f4i, m\u00e1, r\u00e3nh c\u01b0\u1eddi, h\u1ed1c m\u1eaft, th\u00e1i d\u01b0\u01a1ng,\u2026<\/div>\n<\/div>\n<div class=\"x11i5rnm xat24cr x1mh8g0r x1vvkbs xtlvy1s x126k92a\">\n<div dir=\"auto\"><span class=\"x3nfvp2 x1j61x8r x1fcty0u xdj266r xhhsvwb xat24cr xgzva0m xxymvpz xlup9mm x1kky2od\"><img decoding=\"async\" class=\"xz74otr\" src=\"https:\/\/static.xx.fbcdn.net\/images\/emoji.php\/v9\/t52\/2\/16\/1f517.png\" alt=\"&#x1f517;\" width=\"16\" height=\"16\" \/><\/span>Sardenya Deep: lo\u1ea1i filler m\u1ec1m t\u1ea1o d\u00e1ng c\u1eb1m t\u1ef1 nhi\u00ean, m\u00e1, r\u00e3nh c\u01b0\u1eddi, m\u00f4i v\u1edbi \u0111\u1ed9 b\u1ec1n cao.<\/div>\n<\/div>\n<div class=\"x11i5rnm xat24cr x1mh8g0r x1vvkbs xtlvy1s x126k92a\">\n<div dir=\"auto\"><span class=\"x3nfvp2 x1j61x8r x1fcty0u xdj266r xhhsvwb xat24cr xgzva0m xxymvpz xlup9mm x1kky2od\"><img decoding=\"async\" class=\"xz74otr\" src=\"https:\/\/static.xx.fbcdn.net\/images\/emoji.php\/v9\/t52\/2\/16\/1f517.png\" alt=\"&#x1f517;\" width=\"16\" height=\"16\" \/><\/span>Sardenya Shape: lo\u1ea1i filler c\u1ee9ng s\u1eed d\u1ee5ng t\u1ea1o h\u00ecnh c\u00e1c v\u00f9ng nh\u01b0 m\u0169i, c\u1eb1m\u2026<\/div>\n<div dir=\"auto\"><\/div>\n<\/div>\n","protected":false},"excerpt":{"rendered":"<div class=\"xdj266r x11i5rnm xat24cr x1mh8g0r x1vvkbs x126k92a\">\n<div dir=\"auto\">\n<div class=\"xdj266r x11i5rnm xat24cr x1mh8g0r x1vvkbs x126k92a\">\n<div dir=\"auto\"><span class=\"x3nfvp2 x1j61x8r x1fcty0u xdj266r xhhsvwb xat24cr xgzva0m xxymvpz xlup9mm x1kky2od\"><img decoding=\"async\" class=\"xz74otr\" src=\"https:\/\/static.xx.fbcdn.net\/images\/emoji.php\/v9\/te1\/2\/16\/1f50e.png\" alt=\"&#x1f50e;\" width=\"16\" height=\"16\" \/> T\u00ecm Hi\u1ec3u D\u00f2ng<\/span>\u00a0Filler Sardenya<\/div>\n<\/div>\n<div class=\"x11i5rnm xat24cr x1mh8g0r x1vvkbs xtlvy1s x126k92a\">\n<div dir=\"auto\">D\u00f2ng filler HA ph\u1ed5 bi\u1ebfn t\u1ea1i c\u00e1c n\u01b0\u1edbc tr\u00ean th\u1ebf gi\u1edbi<\/div>\n<\/div>\n<div class=\"x11i5rnm xat24cr x1mh8g0r x1vvkbs xtlvy1s x126k92a\">\n<div dir=\"auto\">Sardenya Vi\u1ec7t Nam hi\u1ec7n l\u00e0 nh\u00e0 ph\u00e2n ph\u1ed1i \u0111\u1ed9c quy\u1ec1n d\u00f2ng s\u1ea3n ph\u1ea9m filler HA, lo\u1ea1i filler chu\u1ea9n ch\u1ea5t l\u01b0\u1ee3ng Ch\u00e2u \u00e2u \u0111ang r\u1ea5t \u0111\u01b0\u1ee3c th\u1ecbnh h\u00e0nh v\u00e0 s\u0103n \u0111\u00f3n t\u1ea1i t\u1ea1i c\u00e1c trung t\u00e2m th\u1ea9m m\u1ef9 tr\u00ean th\u1ebf gi\u1edbi.<\/div>\n<\/div>\n<div class=\"x11i5rnm xat24cr x1mh8g0r x1vvkbs xtlvy1s x126k92a\">\n<div dir=\"auto\">V\u1edbi th\u00e0nh ph\u1ea7n ch\u00ednh l\u00e0 Hyaluronic acid (HA) c\u00f3 li\u00ean k\u1ebft ch\u00e9o BDDE c\u00f3 n\u1ed3ng \u0111\u1ed9 Lidocaine 0,3%.<\/div>\n<\/div>\n<div class=\"x11i5rnm xat24cr x1mh8g0r x1vvkbs xtlvy1s x126k92a\">\n<div dir=\"auto\">V\u1edbi 3 d\u00f2ng filler ch\u00ednh:<\/div>\n<\/div>\n<div class=\"x11i5rnm xat24cr x1mh8g0r x1vvkbs xtlvy1s x126k92a\">\n<div dir=\"auto\"><span class=\"x3nfvp2 x1j61x8r x1fcty0u xdj266r xhhsvwb xat24cr xgzva0m xxymvpz xlup9mm x1kky2od\"><img decoding=\"async\" class=\"xz74otr\" src=\"https:\/\/static.xx.fbcdn.net\/images\/emoji.php\/v9\/t52\/2\/16\/1f517.png\" alt=\"&#x1f517;\" width=\"16\" height=\"16\" \/><\/span>Sardenya Fine: lo\u1ea1i si\u00eau m\u1ec1m s\u1eed d\u1ee5ng cho v\u00f9ng m\u00f4i, m\u00e1, r\u00e3nh c\u01b0\u1eddi, h\u1ed1c m\u1eaft, th\u00e1i d\u01b0\u01a1ng,\u2026<\/div>\n<\/div>\n<div class=\"x11i5rnm xat24cr x1mh8g0r x1vvkbs xtlvy1s x126k92a\">\n<div dir=\"auto\"><span class=\"x3nfvp2 x1j61x8r x1fcty0u xdj266r xhhsvwb xat24cr xgzva0m xxymvpz xlup9mm x1kky2od\"><img decoding=\"async\" class=\"xz74otr\" src=\"https:\/\/static.xx.fbcdn.net\/images\/emoji.php\/v9\/t52\/2\/16\/1f517.png\" alt=\"&#x1f517;\" width=\"16\" height=\"16\" \/><\/span>Sardenya Deep: lo\u1ea1i filler m\u1ec1m t\u1ea1o d\u00e1ng c\u1eb1m t\u1ef1 nhi\u00ean, m\u00e1, r\u00e3nh c\u01b0\u1eddi, m\u00f4i v\u1edbi \u0111\u1ed9 b\u1ec1n cao.<\/div>\n<\/div>\n<div class=\"x11i5rnm xat24cr x1mh8g0r x1vvkbs xtlvy1s x126k92a\">\n<div dir=\"auto\"><span class=\"x3nfvp2 x1j61x8r x1fcty0u xdj266r xhhsvwb xat24cr xgzva0m xxymvpz xlup9mm x1kky2od\"><img decoding=\"async\" class=\"xz74otr\" src=\"https:\/\/static.xx.fbcdn.net\/images\/emoji.php\/v9\/t52\/2\/16\/1f517.png\" alt=\"&#x1f517;\" width=\"16\" height=\"16\" \/><\/span>Sardenya Shape: lo\u1ea1i filler c\u1ee9ng s\u1eed d\u1ee5ng t\u1ea1o h\u00ecnh c\u00e1c v\u00f9ng nh\u01b0 m\u0169i, c\u1eb1m\u2026<\/div>\n<div dir=\"auto\"><\/div>\n<\/div>\n<\/div>\n<\/div>\n","protected":false},"featured_media":22094,"comment_status":"open","ping_status":"closed","template":"","meta":[],"product_cat":[51],"product_tag":[],"class_list":{"0":"post-21998","1":"product","2":"type-product","3":"status-publish","4":"has-post-thumbnail","6":"product_cat-filler","8":"first","9":"instock","10":"shipping-taxable","11":"purchasable","12":"product-type-simple"},"_links":{"self":[{"href":"https:\/\/phukienthammy.com.vn\/index.php?rest_route=\/wp\/v2\/product\/21998","targetHints":{"allow":["GET"]}}],"collection":[{"href":"https:\/\/phukienthammy.com.vn\/index.php?rest_route=\/wp\/v2\/product"}],"about":[{"href":"https:\/\/phukienthammy.com.vn\/index.php?rest_route=\/wp\/v2\/types\/product"}],"replies":[{"embeddable":true,"href":"https:\/\/phukienthammy.com.vn\/index.php?rest_route=%2Fwp%2Fv2%2Fcomments&post=21998"}],"version-history":[{"count":1,"href":"https:\/\/phukienthammy.com.vn\/index.php?rest_route=\/wp\/v2\/product\/21998\/revisions"}],"predecessor-version":[{"id":22857,"href":"https:\/\/phukienthammy.com.vn\/index.php?rest_route=\/wp\/v2\/product\/21998\/revisions\/22857"}],"wp:featuredmedia":[{"embeddable":true,"href":"https:\/\/phukienthammy.com.vn\/index.php?rest_route=\/wp\/v2\/media\/22094"}],"wp:attachment":[{"href":"https:\/\/phukienthammy.com.vn\/index.php?rest_route=%2Fwp%2Fv2%2Fmedia&parent=21998"}],"wp:term":[{"taxonomy":"product_cat","embeddable":true,"href":"https:\/\/phukienthammy.com.vn\/index.php?rest_route=%2Fwp%2Fv2%2Fproduct_cat&post=21998"},{"taxonomy":"product_tag","embeddable":true,"href":"https:\/\/phukienthammy.com.vn\/index.php?rest_route=%2Fwp%2Fv2%2Fproduct_tag&post=21998"}],"curies":[{"name":"wp","href":"https:\/\/api.w.org\/{rel}","templated":true}]}}