{"id":21996,"date":"2024-03-20T23:32:09","date_gmt":"2024-03-20T16:32:09","guid":{"rendered":"https:\/\/phukienthammy.com.vn\/?post_type=product&#038;p=21996"},"modified":"2024-03-20T23:32:55","modified_gmt":"2024-03-20T16:32:55","slug":"filler-admedic","status":"publish","type":"product","link":"https:\/\/phukienthammy.com.vn\/?product=filler-admedic","title":{"rendered":"Filler Admedic"},"content":{"rendered":"<div class=\"xdj266r x11i5rnm xat24cr x1mh8g0r x1vvkbs x126k92a\">\n<div dir=\"auto\">Filler Admedic + Phi\u00ean B\u1ea3n M\u1edbi<\/div>\n<\/div>\n<div class=\"x11i5rnm xat24cr x1mh8g0r x1vvkbs xtlvy1s x126k92a\">\n<div dir=\"auto\">M\u1ec1m m\u1ea1i v\u00e0 si\u00eau m\u1ecbn.<\/div>\n<div dir=\"auto\">\u00a0\u0110\u1ec9nh cao c\u00f4ng ngh\u1ec7 l\u00e0m \u0111\u1eb9p kh\u00f4ng x\u1ea5m l\u1ea5n b\u1eb1ng ch\u1ea5t l\u00e0m \u0111\u1ea7y Filler Admedic +<\/div>\n<div dir=\"auto\">\u00a0Xu\u1ea5t x\u1ee9: H\u00e0n Qu\u1ed1c<\/div>\n<div dir=\"auto\">Quy tr\u00ecnh \u0111\u00f3ng g\u00f3i: 1cc\/ h\u1ed9p<\/div>\n<div dir=\"auto\">Th\u1eddi gian l\u01b0u gi\u1eef: 12-18 th\u00e1ng<\/div>\n<div dir=\"auto\">\u00a0Filler Admedic Volume : Ti\u00eam M\u0169i, C\u1eb1m.<\/div>\n<div dir=\"auto\">\u00a0Filler Admedic Deep : Ti\u00eam M\u00f4i, M\u00e1 baby, R\u00e3nh c\u01b0\u1eddi, Xo\u00e1 n\u1ebfp nh\u0103n ch\u00e1n,tai t\u00e0i l\u1ed9c.<\/div>\n<div dir=\"auto\">\u00a0Filler Admedic Fine : L\u00e0m \u0111\u1ea7y h\u1ed1c m\u1eaft, Th\u00e1i d\u01b0\u01a1ng, ch\u00e2n chim kho\u00e9 m\u1eaft,m\u00f4i, tai , tr\u00e1n.<\/div>\n<div dir=\"auto\"><\/div>\n<\/div>\n","protected":false},"excerpt":{"rendered":"<div class=\"xdj266r x11i5rnm xat24cr x1mh8g0r x1vvkbs x126k92a\">\n<div dir=\"auto\">Filler Admedic + Phi\u00ean B\u1ea3n M\u1edbi<\/div>\n<\/div>\n<div class=\"x11i5rnm xat24cr x1mh8g0r x1vvkbs xtlvy1s x126k92a\">\n<div dir=\"auto\">M\u1ec1m m\u1ea1i v\u00e0 si\u00eau m\u1ecbn.<\/div>\n<div dir=\"auto\">\u00a0\u0110\u1ec9nh cao c\u00f4ng ngh\u1ec7 l\u00e0m \u0111\u1eb9p kh\u00f4ng x\u1ea5m l\u1ea5n b\u1eb1ng ch\u1ea5t l\u00e0m \u0111\u1ea7y Filler Admedic +<\/div>\n<div dir=\"auto\">\u00a0Xu\u1ea5t x\u1ee9: H\u00e0n Qu\u1ed1c<\/div>\n<div dir=\"auto\">Quy tr\u00ecnh \u0111\u00f3ng g\u00f3i: 1cc\/ h\u1ed9p<\/div>\n<div dir=\"auto\">Th\u1eddi gian l\u01b0u gi\u1eef: 12-18 th\u00e1ng<\/div>\n<div dir=\"auto\">\u00a0Filler Admedic Volume : Ti\u00eam M\u0169i, C\u1eb1m.<\/div>\n<div dir=\"auto\">\u00a0Filler Admedic Deep : Ti\u00eam M\u00f4i, M\u00e1 baby, R\u00e3nh c\u01b0\u1eddi, Xo\u00e1 n\u1ebfp nh\u0103n ch\u00e1n,tai t\u00e0i l\u1ed9c.<\/div>\n<div dir=\"auto\">\u00a0Filler Admedic Fine : L\u00e0m \u0111\u1ea7y h\u1ed1c m\u1eaft, Th\u00e1i d\u01b0\u01a1ng, ch\u00e2n chim kho\u00e9 m\u1eaft,m\u00f4i, tai , tr\u00e1n.<\/div>\n<div dir=\"auto\"><\/div>\n<\/div>\n","protected":false},"featured_media":22079,"comment_status":"open","ping_status":"closed","template":"","meta":[],"product_cat":[51],"product_tag":[],"class_list":{"0":"post-21996","1":"product","2":"type-product","3":"status-publish","4":"has-post-thumbnail","6":"product_cat-filler","8":"first","9":"instock","10":"shipping-taxable","11":"purchasable","12":"product-type-simple"},"_links":{"self":[{"href":"https:\/\/phukienthammy.com.vn\/index.php?rest_route=\/wp\/v2\/product\/21996","targetHints":{"allow":["GET"]}}],"collection":[{"href":"https:\/\/phukienthammy.com.vn\/index.php?rest_route=\/wp\/v2\/product"}],"about":[{"href":"https:\/\/phukienthammy.com.vn\/index.php?rest_route=\/wp\/v2\/types\/product"}],"replies":[{"embeddable":true,"href":"https:\/\/phukienthammy.com.vn\/index.php?rest_route=%2Fwp%2Fv2%2Fcomments&post=21996"}],"version-history":[{"count":0,"href":"https:\/\/phukienthammy.com.vn\/index.php?rest_route=\/wp\/v2\/product\/21996\/revisions"}],"wp:featuredmedia":[{"embeddable":true,"href":"https:\/\/phukienthammy.com.vn\/index.php?rest_route=\/wp\/v2\/media\/22079"}],"wp:attachment":[{"href":"https:\/\/phukienthammy.com.vn\/index.php?rest_route=%2Fwp%2Fv2%2Fmedia&parent=21996"}],"wp:term":[{"taxonomy":"product_cat","embeddable":true,"href":"https:\/\/phukienthammy.com.vn\/index.php?rest_route=%2Fwp%2Fv2%2Fproduct_cat&post=21996"},{"taxonomy":"product_tag","embeddable":true,"href":"https:\/\/phukienthammy.com.vn\/index.php?rest_route=%2Fwp%2Fv2%2Fproduct_tag&post=21996"}],"curies":[{"name":"wp","href":"https:\/\/api.w.org\/{rel}","templated":true}]}}