{"id":21988,"date":"2024-03-20T23:32:08","date_gmt":"2024-03-20T16:32:08","guid":{"rendered":"https:\/\/phukienthammy.com.vn\/?post_type=product&#038;p=21988"},"modified":"2025-06-19T10:32:27","modified_gmt":"2025-06-19T03:32:27","slug":"filler-vom","status":"publish","type":"product","link":"https:\/\/phukienthammy.com.vn\/?product=filler-vom","title":{"rendered":"Filler Vom"},"content":{"rendered":"<h3 data-start=\"282\" data-end=\"341\"><strong data-start=\"286\" data-end=\"339\">Filler Vom \u2013 Ch\u1ea5t L\u00e0m \u0110\u1ea7y H\u1ed7 Tr\u1ee3 T\u1ea1o H\u00ecnh T\u1ea1i Spa<\/strong><\/h3>\n<p data-start=\"342\" data-end=\"425\"><strong data-start=\"342\" data-end=\"354\">Xu\u1ea5t x\u1ee9:<\/strong> H\u00e0n Qu\u1ed1c<br data-start=\"363\" data-end=\"366\" \/><strong data-start=\"366\" data-end=\"379\">Quy c\u00e1ch:<\/strong> 1 h\u1ed9p x 2ml (2 \u1ed1ng x 1cc)<br data-start=\"405\" data-end=\"408\" \/><strong data-start=\"408\" data-end=\"423\">Th\u00e0nh ph\u1ea7n:<\/strong><\/p>\n<ul data-start=\"426\" data-end=\"554\">\n<li data-start=\"426\" data-end=\"489\">\n<p data-start=\"428\" data-end=\"489\"><strong data-start=\"428\" data-end=\"455\">Hyaluronic Acid 24mg\/ml<\/strong> \u2013 H\u1ed7 tr\u1ee3 l\u00e0m \u0111\u1ea7y v\u00e0 d\u01b0\u1ee1ng \u1ea9m da<\/p>\n<\/li>\n<li data-start=\"490\" data-end=\"554\">\n<p data-start=\"492\" data-end=\"554\"><strong data-start=\"492\" data-end=\"512\">Lidocaine 3mg\/ml<\/strong> \u2013 Gi\u00fap gi\u1ea3m c\u1ea3m gi\u00e1c kh\u00f3 ch\u1ecbu khi s\u1eed d\u1ee5ng<\/p>\n<\/li>\n<\/ul>\n<hr data-start=\"556\" data-end=\"559\" \/>\n<p data-start=\"561\" data-end=\"597\"><strong data-start=\"561\" data-end=\"595\">Ph\u00e2n lo\u1ea1i &amp; \u1ee9ng d\u1ee5ng ph\u1ed5 bi\u1ebfn:<\/strong><\/p>\n<ul data-start=\"598\" data-end=\"897\">\n<li data-start=\"598\" data-end=\"673\">\n<p data-start=\"600\" data-end=\"673\"><strong data-start=\"600\" data-end=\"624\">Vom M \u2013 \u0110\u1ed9 c\u1ee9ng cao:<\/strong> Ph\u00f9 h\u1ee3p v\u1edbi v\u00f9ng c\u1ea7n \u0111\u1ecbnh h\u00ecnh r\u00f5 nh\u01b0 m\u0169i, c\u1eb1m<\/p>\n<\/li>\n<li data-start=\"674\" data-end=\"782\">\n<p data-start=\"676\" data-end=\"782\"><strong data-start=\"676\" data-end=\"702\">Vom O \u2013 \u0110\u1ed9 trung b\u00ecnh:<\/strong> \u1ee8ng d\u1ee5ng cho v\u00f9ng m\u00e1, c\u1eb1m, r\u00e3nh m\u0169i m\u00e1, m\u00f4i \u2013 gi\u00fap \u0111\u1ecbnh h\u00ecnh m\u1ec1m m\u1ea1i t\u1ef1 nhi\u00ean<\/p>\n<\/li>\n<li data-start=\"783\" data-end=\"897\">\n<p data-start=\"785\" data-end=\"897\"><strong data-start=\"785\" data-end=\"801\">Vom V \u2013 M\u1ec1m:<\/strong> D\u00e0nh cho v\u00f9ng da m\u1ecfng nh\u01b0 quanh m\u1eaft, th\u00e1i d\u01b0\u01a1ng, tr\u00e1n, ho\u1eb7c h\u1ed7 tr\u1ee3 l\u00e0m \u0111\u1ea7y mu b\u00e0n tay, b\u00e0n ch\u00e2n<\/p>\n<\/li>\n<\/ul>\n<hr data-start=\"899\" data-end=\"902\" \/>\n<p data-start=\"904\" data-end=\"925\"><strong data-start=\"904\" data-end=\"923\">L\u1ee3i \u00edch h\u1ed7 tr\u1ee3:<\/strong><\/p>\n<ul data-start=\"926\" data-end=\"1094\">\n<li data-start=\"926\" data-end=\"973\">\n<p data-start=\"928\" data-end=\"973\">Gi\u00fap c\u1ea3i thi\u1ec7n th\u1ec3 t\u00edch v\u00f9ng da c\u1ea7n t\u0103ng m\u00f4<\/p>\n<\/li>\n<li data-start=\"974\" data-end=\"1014\">\n<p data-start=\"976\" data-end=\"1014\">H\u1ed7 tr\u1ee3 c\u1ea5p \u1ea9m v\u00e0 c\u1ea3i thi\u1ec7n b\u1ec1 m\u1eb7t da<\/p>\n<\/li>\n<li data-start=\"1015\" data-end=\"1094\">\n<p data-start=\"1017\" data-end=\"1094\">Th\u00edch h\u1ee3p d\u00f9ng trong c\u00e1c quy tr\u00ecnh th\u1ea9m m\u1ef9 kh\u00f4ng ph\u1eabu thu\u1eadt t\u1ea1i spa, clinic<\/p>\n<\/li>\n<\/ul>\n<hr data-start=\"1096\" data-end=\"1099\" \/>\n<p data-start=\"1101\" data-end=\"1121\"><strong data-start=\"1101\" data-end=\"1119\">L\u01b0u \u00fd s\u1eed d\u1ee5ng:<\/strong><\/p>\n<ul data-start=\"1122\" data-end=\"1287\">\n<li data-start=\"1122\" data-end=\"1188\">\n<p data-start=\"1124\" data-end=\"1188\">Ch\u1ec9 n\u00ean s\u1eed d\u1ee5ng b\u1edfi k\u1ef9 thu\u1eadt vi\u00ean t\u1ea1i c\u01a1 s\u1edf th\u1ea9m m\u1ef9 chuy\u00ean m\u00f4n<\/p>\n<\/li>\n<li data-start=\"1189\" data-end=\"1287\">\n<p data-start=\"1191\" data-end=\"1287\">Kh\u00f4ng d\u00f9ng cho ph\u1ee5 n\u1eef mang thai, \u0111ang cho con b\u00fa ho\u1eb7c ng\u01b0\u1eddi d\u1ecb \u1ee9ng v\u1edbi c\u00e1c th\u00e0nh ph\u1ea7n s\u1ea3n ph\u1ea9m<\/p>\n<\/li>\n<\/ul>\n","protected":false},"excerpt":{"rendered":"<p data-start=\"342\" data-end=\"425\"><strong data-start=\"342\" data-end=\"354\">Xu\u1ea5t x\u1ee9:<\/strong> H\u00e0n Qu\u1ed1c<br data-start=\"363\" data-end=\"366\" \/><strong data-start=\"366\" data-end=\"379\">Quy c\u00e1ch:<\/strong> 1 h\u1ed9p x 2ml (2 \u1ed1ng x 1cc)<br data-start=\"405\" data-end=\"408\" \/><strong data-start=\"408\" data-end=\"423\">Th\u00e0nh ph\u1ea7n:<\/strong><\/p>\n<ul data-start=\"426\" data-end=\"554\">\n<li data-start=\"426\" data-end=\"489\">\n<p data-start=\"428\" data-end=\"489\"><strong data-start=\"428\" data-end=\"455\">Hyaluronic Acid 24mg\/ml<\/strong> \u2013 H\u1ed7 tr\u1ee3 l\u00e0m \u0111\u1ea7y v\u00e0 d\u01b0\u1ee1ng \u1ea9m da<\/p>\n<\/li>\n<li data-start=\"490\" data-end=\"554\">\n<p data-start=\"492\" data-end=\"554\"><strong data-start=\"492\" data-end=\"512\">Lidocaine 3mg\/ml<\/strong> \u2013 Gi\u00fap gi\u1ea3m c\u1ea3m gi\u00e1c kh\u00f3 ch\u1ecbu khi s\u1eed d\u1ee5ng<\/p>\n<\/li>\n<\/ul>\n","protected":false},"featured_media":22677,"comment_status":"open","ping_status":"closed","template":"","meta":[],"product_cat":[51],"product_tag":[],"class_list":{"0":"post-21988","1":"product","2":"type-product","3":"status-publish","4":"has-post-thumbnail","6":"product_cat-filler","8":"first","9":"instock","10":"shipping-taxable","11":"purchasable","12":"product-type-simple"},"_links":{"self":[{"href":"https:\/\/phukienthammy.com.vn\/index.php?rest_route=\/wp\/v2\/product\/21988","targetHints":{"allow":["GET"]}}],"collection":[{"href":"https:\/\/phukienthammy.com.vn\/index.php?rest_route=\/wp\/v2\/product"}],"about":[{"href":"https:\/\/phukienthammy.com.vn\/index.php?rest_route=\/wp\/v2\/types\/product"}],"replies":[{"embeddable":true,"href":"https:\/\/phukienthammy.com.vn\/index.php?rest_route=%2Fwp%2Fv2%2Fcomments&post=21988"}],"version-history":[{"count":1,"href":"https:\/\/phukienthammy.com.vn\/index.php?rest_route=\/wp\/v2\/product\/21988\/revisions"}],"predecessor-version":[{"id":22838,"href":"https:\/\/phukienthammy.com.vn\/index.php?rest_route=\/wp\/v2\/product\/21988\/revisions\/22838"}],"wp:featuredmedia":[{"embeddable":true,"href":"https:\/\/phukienthammy.com.vn\/index.php?rest_route=\/wp\/v2\/media\/22677"}],"wp:attachment":[{"href":"https:\/\/phukienthammy.com.vn\/index.php?rest_route=%2Fwp%2Fv2%2Fmedia&parent=21988"}],"wp:term":[{"taxonomy":"product_cat","embeddable":true,"href":"https:\/\/phukienthammy.com.vn\/index.php?rest_route=%2Fwp%2Fv2%2Fproduct_cat&post=21988"},{"taxonomy":"product_tag","embeddable":true,"href":"https:\/\/phukienthammy.com.vn\/index.php?rest_route=%2Fwp%2Fv2%2Fproduct_tag&post=21988"}],"curies":[{"name":"wp","href":"https:\/\/api.w.org\/{rel}","templated":true}]}}